{"id":1544,"date":"2018-08-06T21:17:21","date_gmt":"2018-08-06T19:17:21","guid":{"rendered":"http:\/\/www.mbp.chrzanow.pl\/forumregionalne\/?page_id=1544"},"modified":"2025-10-20T08:07:01","modified_gmt":"2025-10-20T06:07:01","slug":"rejestracja-uczestnikow","status":"publish","type":"page","link":"https:\/\/www.mbp.chrzanow.pl\/forumregionalne\/rejestracja-uczestnikow\/","title":{"rendered":"Rejestracja uczestnik\u00f3w"},"content":{"rendered":"\t\t<div data-elementor-type=\"wp-post\" data-elementor-id=\"1544\" class=\"elementor elementor-1544\">\n\t\t\t\t\t\t<section class=\"elementor-section elementor-top-section elementor-element elementor-element-a096b70 elementor-section-full_width elementor-section-stretched elementor-section-height-default elementor-section-height-default\" data-id=\"a096b70\" data-element_type=\"section\" data-e-type=\"section\" data-settings=\"{&quot;stretch_section&quot;:&quot;section-stretched&quot;}\">\n\t\t\t\t\t\t<div class=\"elementor-container elementor-column-gap-default\">\n\t\t\t\t\t<div class=\"elementor-column elementor-col-100 elementor-top-column elementor-element elementor-element-43db542\" data-id=\"43db542\" data-element_type=\"column\" data-e-type=\"column\">\n\t\t\t<div class=\"elementor-widget-wrap\">\n\t\t\t\t\t\t\t<\/div>\n\t\t<\/div>\n\t\t\t\t\t<\/div>\n\t\t<\/section>\n\t\t\t\t<section class=\"elementor-section elementor-top-section elementor-element elementor-element-f8dc96a elementor-section-boxed elementor-section-height-default elementor-section-height-default\" data-id=\"f8dc96a\" data-element_type=\"section\" data-e-type=\"section\">\n\t\t\t\t\t\t<div class=\"elementor-container elementor-column-gap-default\">\n\t\t\t\t\t<div class=\"elementor-column elementor-col-100 elementor-top-column elementor-element elementor-element-6e70139\" data-id=\"6e70139\" data-element_type=\"column\" data-e-type=\"column\">\n\t\t\t<div class=\"elementor-widget-wrap elementor-element-populated\">\n\t\t\t\t\t\t<div class=\"elementor-element elementor-element-9607a23 elementor-widget elementor-widget-heading\" data-id=\"9607a23\" data-element_type=\"widget\" data-e-type=\"widget\" data-widget_type=\"heading.default\">\n\t\t\t\t<div class=\"elementor-widget-container\">\n\t\t\t\t\t<h2 class=\"elementor-heading-title elementor-size-default\">REjestracja uczestnik\u00f3w<\/h2>\t\t\t\t<\/div>\n\t\t\t\t<\/div>\n\t\t\t\t<div class=\"elementor-element elementor-element-d0f857b elementor-widget-divider--view-line elementor-widget elementor-widget-divider\" data-id=\"d0f857b\" data-element_type=\"widget\" data-e-type=\"widget\" data-widget_type=\"divider.default\">\n\t\t\t\t<div class=\"elementor-widget-container\">\n\t\t\t\t\t\t\t<div class=\"elementor-divider\">\n\t\t\t<span class=\"elementor-divider-separator\">\n\t\t\t\t\t\t<\/span>\n\t\t<\/div>\n\t\t\t\t\t\t<\/div>\n\t\t\t\t<\/div>\n\t\t\t\t<div class=\"elementor-element elementor-element-bd1cd25 elementor-widget elementor-widget-shortcode\" data-id=\"bd1cd25\" data-element_type=\"widget\" data-e-type=\"widget\" data-widget_type=\"shortcode.default\">\n\t\t\t\t<div class=\"elementor-widget-container\">\n\t\t\t\t\t\t\t<div class=\"elementor-shortcode\"><div class=\"wpforms-container wpforms-container-full\" id=\"wpforms-1559\"><form id=\"wpforms-form-1559\" class=\"wpforms-validate wpforms-form\" data-formid=\"1559\" method=\"post\" enctype=\"multipart\/form-data\" action=\"\/forumregionalne\/wp-json\/wp\/v2\/pages\/1544\" data-token=\"251dae9232c2069197a25f8b72f1cb82\" data-token-time=\"1776433155\"><noscript class=\"wpforms-error-noscript\">Aby wype\u0142ni\u0107 ten formularz, w\u0142\u0105cz obs\u0142ug\u0119 JavaScript w przegl\u0105darce.<\/noscript><div class=\"wpforms-field-container\"><div id=\"wpforms-1559-field_2-container\" class=\"wpforms-field wpforms-field-name\" data-field-id=\"2\"><label class=\"wpforms-field-label\" for=\"wpforms-1559-field_2\">Imi\u0119 i Nazwisko: <span class=\"wpforms-required-label\">*<\/span><\/label><input type=\"text\" id=\"wpforms-1559-field_2\" class=\"wpforms-field-medium wpforms-field-required\" name=\"wpforms[fields][2]\" required><\/div><div id=\"wpforms-1559-field_3-container\" class=\"wpforms-field wpforms-field-text\" data-field-id=\"3\"><label class=\"wpforms-field-label\" for=\"wpforms-1559-field_3\">E-mail: <span class=\"wpforms-required-label\">*<\/span><\/label><input type=\"text\" id=\"wpforms-1559-field_3\" class=\"wpforms-field-medium wpforms-field-required\" name=\"wpforms[fields][3]\" required><\/div><div id=\"wpforms-1559-field_11-container\" class=\"wpforms-field wpforms-field-text\" data-field-id=\"11\"><label class=\"wpforms-field-label\" for=\"wpforms-1559-field_11\">Numer telefonu: <span class=\"wpforms-required-label\">*<\/span><\/label><input type=\"text\" id=\"wpforms-1559-field_11\" class=\"wpforms-field-medium wpforms-field-required wpforms-masked-input\" data-rule-inputmask-incomplete=\"1\" data-inputmask-mask=\"999-999-999\" name=\"wpforms[fields][11]\" required><\/div><div id=\"wpforms-1559-field_9-container\" class=\"wpforms-field wpforms-field-text\" data-field-id=\"9\"><label class=\"wpforms-field-label\" for=\"wpforms-1559-field_9\">Instytucja (nie wymagane):<\/label><input type=\"text\" id=\"wpforms-1559-field_9\" class=\"wpforms-field-medium\" name=\"wpforms[fields][9]\" ><\/div><div id=\"wpforms-1559-field_6-container\" class=\"wpforms-field wpforms-field-checkbox\" data-field-id=\"6\"><label class=\"wpforms-field-label\">Chc\u0119 wzi\u0105\u0107 udzia\u0142 w forum w dniach: <span class=\"wpforms-required-label\">*<\/span><\/label><ul id=\"wpforms-1559-field_6\" class=\"wpforms-field-required\"><li class=\"choice-1 depth-1\"><input type=\"checkbox\" id=\"wpforms-1559-field_6_1\" name=\"wpforms[fields][6][]\" value=\"20 listopada - Chrzan\u00f3w\" required ><label class=\"wpforms-field-label-inline\" for=\"wpforms-1559-field_6_1\">20 listopada - Chrzan\u00f3w<\/label><\/li><li class=\"choice-2 depth-1\"><input type=\"checkbox\" id=\"wpforms-1559-field_6_2\" name=\"wpforms[fields][6][]\" value=\"21 listopada - Wygie\u0142z\u00f3w\" required ><label class=\"wpforms-field-label-inline\" for=\"wpforms-1559-field_6_2\">21 listopada - Wygie\u0142z\u00f3w<\/label><\/li><\/ul><\/div><div id=\"wpforms-1559-field_5-container\" class=\"wpforms-field wpforms-field-checkbox\" data-field-id=\"5\"><label class=\"wpforms-field-label\">Zgody <span class=\"wpforms-required-label\">*<\/span><\/label><ul id=\"wpforms-1559-field_5\" class=\"wpforms-field-required\"><li class=\"choice-1 depth-1\"><input type=\"checkbox\" id=\"wpforms-1559-field_5_1\" name=\"wpforms[fields][5][]\" value=\"zgoda na przetwarzanie danych osobowych * Wyra\u017cam zgod\u0119 na przetwarzanie moich danych osobowych w celu realizacji procesu rejestracji oraz przetwarzanie mojego wizerunku wykonanego podczas forum. Zgoda obejmuje wykorzystanie, utrwalanie, obr\u00f3bk\u0119 i powielanie wykonanych zdj\u0119\u0107, za po\u015brednictwem dowolnego medium, w szczeg\u00f3lno\u015bci udost\u0119pnianie ich poprzez stron\u0119 internetow\u0105, fanpage w serwisie Facebook oraz zamieszczanie w materia\u0142ach informacyjnych Miejskiej Biblioteki Publicznej w Chrzanowie oraz Muzeum Ma\u0142opolski Zachodniej w Wygie\u0142zowie zgodnie z Rozporz\u0105dzeniem Parlamentu Europejskiego i Rady (UE) 2016\/679 z dnia 27 kwietnia 2016 oraz zgodnie z klauzul\u0105 informacyjn\u0105 do\u0142\u0105czon\u0105 do mojej zgody.\" required ><label class=\"wpforms-field-label-inline\" for=\"wpforms-1559-field_5_1\">zgoda na przetwarzanie danych osobowych * Wyra\u017cam zgod\u0119 na przetwarzanie moich danych osobowych w celu realizacji procesu rejestracji oraz przetwarzanie mojego wizerunku wykonanego podczas forum. Zgoda obejmuje wykorzystanie, utrwalanie, obr\u00f3bk\u0119 i powielanie wykonanych zdj\u0119\u0107, za po\u015brednictwem dowolnego medium, w szczeg\u00f3lno\u015bci udost\u0119pnianie ich poprzez stron\u0119 internetow\u0105, fanpage w serwisie Facebook oraz zamieszczanie w materia\u0142ach informacyjnych Miejskiej Biblioteki Publicznej w Chrzanowie oraz Muzeum Ma\u0142opolski Zachodniej w Wygie\u0142zowie zgodnie z Rozporz\u0105dzeniem Parlamentu Europejskiego i Rady (UE) 2016\/679 z dnia 27 kwietnia 2016 oraz zgodnie z klauzul\u0105 informacyjn\u0105 do\u0142\u0105czon\u0105 do mojej zgody.<\/label><\/li><li class=\"choice-2 depth-1\"><input type=\"checkbox\" id=\"wpforms-1559-field_5_2\" name=\"wpforms[fields][5][]\" value=\"klauzula informacyjna * Zgodnie z art. 13 og\u00f3lnego rozporz\u0105dzenia o ochronie danych osobowych z dnia 27 kwietnia 2016 r. (Dz. Urz. UE L 119 z 04.05.2016) w zwi\u0105zku z przetwarzaniem danych osobowych Miejska Biblioteka Publiczna w Chrzanowie informuje, \u017ce: Administratorem Pani\/Pana danych osobowych jest Miejska Biblioteka Publiczna w Chrzanowie, ul. Broniewskiego 10C, 32-500 Chrzan\u00f3w. W Bibliotece wyznaczony zosta\u0142 Inspektor Ochrony Danych. Kontakt z Inspektorem zapewniony jest przez e-mail: baranowskiodo@gmail.com. Podanie przez Pani\u0105\/Pana danych jest dobrowolne. Pani\/Pana dane przechowywane b\u0119d\u0105 przez okres jednego roku. Posiada Pani\/Pan prawo do: dost\u0119pu do tre\u015bci swoich danych oraz ich sprostowania, usuni\u0119cia, ograniczenia przetwarzania, przenoszenia danych, wniesienia sprzeciwu wobec przetwarzania, prawo do cofni\u0119cia zgody w dowolnym momencie w przypadkach i na warunkach okre\u015blonych w Rozporz\u0105dzeniu Og\u00f3lnym. Konsekwencj\u0105 wycofania zgody na przetwarzanie danych osobowych b\u0119dzie usuni\u0119cie tych danych. Ma Pan\/Pani prawo wniesienia skargi do Prezesa Urz\u0119du Ochrony Danych Osobowych, gdy uzna Pani\/Pan, \u017ce przetwarzanie Pani\/Pana danych osobowych odbywa si\u0119 z naruszeniem przepis\u00f3w Rozporz\u0105dzenia Og\u00f3lnego. Potwierdzam, \u017ce zapozna\u0142em(am) si\u0119 i przyjmuj\u0119 do wiadomo\u015bci powy\u017csze informacje.\" required ><label class=\"wpforms-field-label-inline\" for=\"wpforms-1559-field_5_2\">klauzula informacyjna * Zgodnie z art. 13 og\u00f3lnego rozporz\u0105dzenia o ochronie danych osobowych z dnia 27 kwietnia 2016 r. (Dz. Urz. UE L 119 z 04.05.2016) w zwi\u0105zku z przetwarzaniem danych osobowych Miejska Biblioteka Publiczna w Chrzanowie informuje, \u017ce: Administratorem Pani\/Pana danych osobowych jest Miejska Biblioteka Publiczna w Chrzanowie, ul. Broniewskiego 10C, 32-500 Chrzan\u00f3w. W Bibliotece wyznaczony zosta\u0142 Inspektor Ochrony Danych. Kontakt z Inspektorem zapewniony jest przez e-mail: baranowskiodo@gmail.com. Podanie przez Pani\u0105\/Pana danych jest dobrowolne. Pani\/Pana dane przechowywane b\u0119d\u0105 przez okres jednego roku. Posiada Pani\/Pan prawo do: dost\u0119pu do tre\u015bci swoich danych oraz ich sprostowania, usuni\u0119cia, ograniczenia przetwarzania, przenoszenia danych, wniesienia sprzeciwu wobec przetwarzania, prawo do cofni\u0119cia zgody w dowolnym momencie w przypadkach i na warunkach okre\u015blonych w Rozporz\u0105dzeniu Og\u00f3lnym. Konsekwencj\u0105 wycofania zgody na przetwarzanie danych osobowych b\u0119dzie usuni\u0119cie tych danych. Ma Pan\/Pani prawo wniesienia skargi do Prezesa Urz\u0119du Ochrony Danych Osobowych, gdy uzna Pani\/Pan, \u017ce przetwarzanie Pani\/Pana danych osobowych odbywa si\u0119 z naruszeniem przepis\u00f3w Rozporz\u0105dzenia Og\u00f3lnego. Potwierdzam, \u017ce zapozna\u0142em(am) si\u0119 i przyjmuj\u0119 do wiadomo\u015bci powy\u017csze informacje.<\/label><\/li><\/ul><\/div><\/div><!-- .wpforms-field-container --><div class=\"wpforms-field wpforms-field-hp\"><label for=\"wpforms-1559-field-hp\" class=\"wpforms-field-label\">Phone<\/label><input type=\"text\" name=\"wpforms[hp]\" id=\"wpforms-1559-field-hp\" class=\"wpforms-field-medium\"><\/div><div class=\"wpforms-recaptcha-container wpforms-is-recaptcha wpforms-is-recaptcha-type-v2\" ><div class=\"g-recaptcha\" data-sitekey=\"6LdHtGQUAAAAAJDVD623x2HLVMimqo7eEX4ElouA\"><\/div><input type=\"text\" name=\"g-recaptcha-hidden\" class=\"wpforms-recaptcha-hidden\" style=\"position:absolute!important;clip:rect(0,0,0,0)!important;height:1px!important;width:1px!important;border:0!important;overflow:hidden!important;padding:0!important;margin:0!important;\" data-rule-recaptcha=\"1\"><\/div><div class=\"wpforms-submit-container\" ><input type=\"hidden\" name=\"wpforms[id]\" value=\"1559\"><input type=\"hidden\" name=\"page_title\" value=\"\"><input type=\"hidden\" name=\"page_url\" value=\"https:\/\/www.mbp.chrzanow.pl\/forumregionalne\/wp-json\/wp\/v2\/pages\/1544\"><input type=\"hidden\" name=\"url_referer\" value=\"\"><button type=\"submit\" name=\"wpforms[submit]\" id=\"wpforms-submit-1559\" class=\"wpforms-submit\" data-alt-text=\"Wysy\u0142anie\" data-submit-text=\"WY\u015aLIJ\" aria-live=\"assertive\" value=\"wpforms-submit\">WY\u015aLIJ<\/button><\/div><\/form><\/div>  <!-- .wpforms-container --><\/div>\n\t\t\t\t\t\t<\/div>\n\t\t\t\t<\/div>\n\t\t\t\t\t<\/div>\n\t\t<\/div>\n\t\t\t\t\t<\/div>\n\t\t<\/section>\n\t\t\t\t<\/div>\n\t\t","protected":false},"excerpt":{"rendered":"<p>REjestracja uczestnik\u00f3w<\/p>\n","protected":false},"author":2,"featured_media":0,"parent":0,"menu_order":0,"comment_status":"closed","ping_status":"closed","template":"","meta":{"footnotes":""},"class_list":["post-1544","page","type-page","status-publish","hentry"],"_links":{"self":[{"href":"https:\/\/www.mbp.chrzanow.pl\/forumregionalne\/wp-json\/wp\/v2\/pages\/1544","targetHints":{"allow":["GET"]}}],"collection":[{"href":"https:\/\/www.mbp.chrzanow.pl\/forumregionalne\/wp-json\/wp\/v2\/pages"}],"about":[{"href":"https:\/\/www.mbp.chrzanow.pl\/forumregionalne\/wp-json\/wp\/v2\/types\/page"}],"author":[{"embeddable":true,"href":"https:\/\/www.mbp.chrzanow.pl\/forumregionalne\/wp-json\/wp\/v2\/users\/2"}],"replies":[{"embeddable":true,"href":"https:\/\/www.mbp.chrzanow.pl\/forumregionalne\/wp-json\/wp\/v2\/comments?post=1544"}],"version-history":[{"count":47,"href":"https:\/\/www.mbp.chrzanow.pl\/forumregionalne\/wp-json\/wp\/v2\/pages\/1544\/revisions"}],"predecessor-version":[{"id":4104,"href":"https:\/\/www.mbp.chrzanow.pl\/forumregionalne\/wp-json\/wp\/v2\/pages\/1544\/revisions\/4104"}],"wp:attachment":[{"href":"https:\/\/www.mbp.chrzanow.pl\/forumregionalne\/wp-json\/wp\/v2\/media?parent=1544"}],"curies":[{"name":"wp","href":"https:\/\/api.w.org\/{rel}","templated":true}]}}