{"id":23,"date":"2017-07-31T12:34:57","date_gmt":"2017-07-31T10:34:57","guid":{"rendered":"http:\/\/www.mbp.chrzanow.pl\/forumregionalne\/?page_id=23"},"modified":"2025-10-14T13:32:40","modified_gmt":"2025-10-14T11:32:40","slug":"kontakt","status":"publish","type":"page","link":"https:\/\/www.mbp.chrzanow.pl\/forumregionalne\/kontakt\/","title":{"rendered":"KONTAKT"},"content":{"rendered":"\t\t<div data-elementor-type=\"wp-post\" data-elementor-id=\"23\" class=\"elementor elementor-23\">\n\t\t\t\t\t\t<section class=\"elementor-section elementor-top-section elementor-element elementor-element-5a95fa2 elementor-section-boxed elementor-section-height-default elementor-section-height-default\" data-id=\"5a95fa2\" data-element_type=\"section\" data-e-type=\"section\">\n\t\t\t\t\t\t<div class=\"elementor-container elementor-column-gap-default\">\n\t\t\t\t\t<div class=\"elementor-column elementor-col-100 elementor-top-column elementor-element elementor-element-4c515bb\" data-id=\"4c515bb\" data-element_type=\"column\" data-e-type=\"column\">\n\t\t\t<div class=\"elementor-widget-wrap elementor-element-populated\">\n\t\t\t\t\t\t<div class=\"elementor-element elementor-element-6958877 elementor-widget elementor-widget-heading\" data-id=\"6958877\" data-element_type=\"widget\" data-e-type=\"widget\" data-widget_type=\"heading.default\">\n\t\t\t\t<div class=\"elementor-widget-container\">\n\t\t\t\t\t<h2 class=\"elementor-heading-title elementor-size-default\">KONTAKT<\/h2>\t\t\t\t<\/div>\n\t\t\t\t<\/div>\n\t\t\t\t\t<\/div>\n\t\t<\/div>\n\t\t\t\t\t<\/div>\n\t\t<\/section>\n\t\t\t\t<section class=\"elementor-section elementor-top-section elementor-element elementor-element-ahyjevh elementor-section-boxed elementor-section-height-default elementor-section-height-default\" data-id=\"ahyjevh\" data-element_type=\"section\" data-e-type=\"section\" data-settings=\"{&quot;background_background&quot;:&quot;classic&quot;}\">\n\t\t\t\t\t\t<div class=\"elementor-container elementor-column-gap-no\">\n\t\t\t\t\t<div class=\"elementor-column elementor-col-100 elementor-top-column elementor-element elementor-element-hjdwkia\" data-id=\"hjdwkia\" data-element_type=\"column\" data-e-type=\"column\" data-settings=\"{&quot;background_background&quot;:&quot;classic&quot;}\">\n\t\t\t<div class=\"elementor-widget-wrap elementor-element-populated\">\n\t\t\t\t\t\t<section class=\"elementor-section elementor-inner-section elementor-element elementor-element-9a93e72 elementor-section-full_width elementor-section-content-middle elementor-section-height-default elementor-section-height-default\" data-id=\"9a93e72\" data-element_type=\"section\" data-e-type=\"section\" data-settings=\"{&quot;background_background&quot;:&quot;classic&quot;}\">\n\t\t\t\t\t\t<div class=\"elementor-container elementor-column-gap-default\">\n\t\t\t\t\t<div class=\"elementor-column elementor-col-33 elementor-inner-column elementor-element elementor-element-37011b7\" data-id=\"37011b7\" data-element_type=\"column\" data-e-type=\"column\">\n\t\t\t<div class=\"elementor-widget-wrap elementor-element-populated\">\n\t\t\t\t\t\t<div class=\"elementor-element elementor-element-1e82c11 elementor-widget elementor-widget-image\" data-id=\"1e82c11\" data-element_type=\"widget\" data-e-type=\"widget\" data-widget_type=\"image.default\">\n\t\t\t\t<div class=\"elementor-widget-container\">\n\t\t\t\t\t\t\t\t\t\t\t\t\t\t\t<img fetchpriority=\"high\" decoding=\"async\" width=\"600\" height=\"600\" src=\"https:\/\/www.mbp.chrzanow.pl\/forumregionalne\/wp-content\/uploads\/2023\/07\/logo.jpg\" class=\"attachment-large size-large wp-image-3629\" alt=\"\" srcset=\"https:\/\/www.mbp.chrzanow.pl\/forumregionalne\/wp-content\/uploads\/2023\/07\/logo.jpg 600w, https:\/\/www.mbp.chrzanow.pl\/forumregionalne\/wp-content\/uploads\/2023\/07\/logo-300x300.jpg 300w, https:\/\/www.mbp.chrzanow.pl\/forumregionalne\/wp-content\/uploads\/2023\/07\/logo-150x150.jpg 150w\" sizes=\"(max-width: 600px) 100vw, 600px\" \/>\t\t\t\t\t\t\t\t\t\t\t\t\t\t\t<\/div>\n\t\t\t\t<\/div>\n\t\t\t\t\t<\/div>\n\t\t<\/div>\n\t\t\t\t<div class=\"elementor-column elementor-col-66 elementor-inner-column elementor-element elementor-element-779957b\" data-id=\"779957b\" data-element_type=\"column\" data-e-type=\"column\">\n\t\t\t<div class=\"elementor-widget-wrap elementor-element-populated\">\n\t\t\t\t\t\t<div class=\"elementor-element elementor-element-e41d07f elementor-widget elementor-widget-heading\" data-id=\"e41d07f\" data-element_type=\"widget\" data-e-type=\"widget\" data-widget_type=\"heading.default\">\n\t\t\t\t<div class=\"elementor-widget-container\">\n\t\t\t\t\t<h2 class=\"elementor-heading-title elementor-size-default\">Miejska Biblioteka Publiczna <br>w Chrzanowie<\/h2>\t\t\t\t<\/div>\n\t\t\t\t<\/div>\n\t\t\t\t<div class=\"elementor-element elementor-element-bd6ffbe elementor-widget elementor-widget-text-editor\" data-id=\"bd6ffbe\" data-element_type=\"widget\" data-e-type=\"widget\" data-widget_type=\"text-editor.default\">\n\t\t\t\t<div class=\"elementor-widget-container\">\n\t\t\t\t\t\t\t\t\t<p>ul. W\u0142adys\u0142awa Broniewskiego 10C, 32-500 Chrzan\u00f3w<\/p><p><a href=\"http:\/\/www.mbp.chrzanow.pl\">www.mbp.chrzanow.pl<\/a><\/p>\t\t\t\t\t\t\t\t<\/div>\n\t\t\t\t<\/div>\n\t\t\t\t<div class=\"elementor-element elementor-element-8376681 elementor-widget elementor-widget-text-editor\" data-id=\"8376681\" data-element_type=\"widget\" data-e-type=\"widget\" data-widget_type=\"text-editor.default\">\n\t\t\t\t<div class=\"elementor-widget-container\">\n\t\t\t\t\t\t\t\t\t<p>koordynator: Ma\u0142gorzata Zbroszczyk,<\/p><p>Dzia\u0142 Informacji i Multimedi\u00f3w,<\/p><p>poniedzia\u0142ek &#8211; pi\u0105tek: 8:00 &#8211; 15:00,<\/p><p>tel. +48 32 763 27 48,<\/p><p>e-mail:\u00a0<a href=\"mailto:regionalia@biblioteka-chrzanow.pl\">regionalia@bibliteka-chrzanow.pl<\/a><\/p>\t\t\t\t\t\t\t\t<\/div>\n\t\t\t\t<\/div>\n\t\t\t\t\t<\/div>\n\t\t<\/div>\n\t\t\t\t\t<\/div>\n\t\t<\/section>\n\t\t\t\t\t<\/div>\n\t\t<\/div>\n\t\t\t\t\t<\/div>\n\t\t<\/section>\n\t\t\t\t<section class=\"elementor-section elementor-top-section elementor-element elementor-element-e50e8ee elementor-section-stretched elementor-section-boxed elementor-section-height-default elementor-section-height-default\" data-id=\"e50e8ee\" data-element_type=\"section\" data-e-type=\"section\" data-settings=\"{&quot;stretch_section&quot;:&quot;section-stretched&quot;}\">\n\t\t\t\t\t\t<div class=\"elementor-container elementor-column-gap-default\">\n\t\t\t\t\t<div class=\"elementor-column elementor-col-100 elementor-top-column elementor-element elementor-element-9e73b02\" data-id=\"9e73b02\" data-element_type=\"column\" data-e-type=\"column\">\n\t\t\t<div class=\"elementor-widget-wrap elementor-element-populated\">\n\t\t\t\t\t\t<div class=\"elementor-element elementor-element-849581f elementor-widget elementor-widget-spacer\" data-id=\"849581f\" data-element_type=\"widget\" data-e-type=\"widget\" data-widget_type=\"spacer.default\">\n\t\t\t\t<div class=\"elementor-widget-container\">\n\t\t\t\t\t\t\t<div class=\"elementor-spacer\">\n\t\t\t<div class=\"elementor-spacer-inner\"><\/div>\n\t\t<\/div>\n\t\t\t\t\t\t<\/div>\n\t\t\t\t<\/div>\n\t\t\t\t\t<\/div>\n\t\t<\/div>\n\t\t\t\t\t<\/div>\n\t\t<\/section>\n\t\t\t\t<\/div>\n\t\t","protected":false},"excerpt":{"rendered":"<p>KONTAKT Miejska Biblioteka Publiczna w Chrzanowie ul. W\u0142adys\u0142awa Broniewskiego 10C, 32-500 Chrzan\u00f3w www.mbp.chrzanow.pl koordynator: Ma\u0142gorzata Zbroszczyk, Dzia\u0142 Informacji i Multimedi\u00f3w, poniedzia\u0142ek &#8211; pi\u0105tek: 8:00 &#8211; 15:00, tel. +48 32 763 27 48, e-mail:\u00a0regionalia@bibliteka-chrzanow.pl<\/p>\n","protected":false},"author":1,"featured_media":0,"parent":0,"menu_order":0,"comment_status":"closed","ping_status":"closed","template":"","meta":{"footnotes":""},"class_list":["post-23","page","type-page","status-publish","hentry"],"_links":{"self":[{"href":"https:\/\/www.mbp.chrzanow.pl\/forumregionalne\/wp-json\/wp\/v2\/pages\/23","targetHints":{"allow":["GET"]}}],"collection":[{"href":"https:\/\/www.mbp.chrzanow.pl\/forumregionalne\/wp-json\/wp\/v2\/pages"}],"about":[{"href":"https:\/\/www.mbp.chrzanow.pl\/forumregionalne\/wp-json\/wp\/v2\/types\/page"}],"author":[{"embeddable":true,"href":"https:\/\/www.mbp.chrzanow.pl\/forumregionalne\/wp-json\/wp\/v2\/users\/1"}],"replies":[{"embeddable":true,"href":"https:\/\/www.mbp.chrzanow.pl\/forumregionalne\/wp-json\/wp\/v2\/comments?post=23"}],"version-history":[{"count":58,"href":"https:\/\/www.mbp.chrzanow.pl\/forumregionalne\/wp-json\/wp\/v2\/pages\/23\/revisions"}],"predecessor-version":[{"id":4094,"href":"https:\/\/www.mbp.chrzanow.pl\/forumregionalne\/wp-json\/wp\/v2\/pages\/23\/revisions\/4094"}],"wp:attachment":[{"href":"https:\/\/www.mbp.chrzanow.pl\/forumregionalne\/wp-json\/wp\/v2\/media?parent=23"}],"curies":[{"name":"wp","href":"https:\/\/api.w.org\/{rel}","templated":true}]}}

<div data-elementor-type="wp-post" data-elementor-id="23" class="elementor elementor-23">
						<section class="elementor-section elementor-top-section elementor-element elementor-element-5a95fa2 elementor-section-boxed elementor-section-height-default elementor-section-height-default" data-id="5a95fa2" data-element_type="section" data-e-type="section">
						<div class="elementor-container elementor-column-gap-default">
					<div class="elementor-column elementor-col-100 elementor-top-column elementor-element elementor-element-4c515bb" data-id="4c515bb" data-element_type="column" data-e-type="column">
			<div class="elementor-widget-wrap elementor-element-populated">
						<div class="elementor-element elementor-element-6958877 elementor-widget elementor-widget-heading" data-id="6958877" data-element_type="widget" data-e-type="widget" data-widget_type="heading.default">
				<div class="elementor-widget-container">
					<h2 class="elementor-heading-title elementor-size-default">KONTAKT</h2>				</div>
				</div>
					</div>
		</div>
					</div>
		</section>
				<section class="elementor-section elementor-top-section elementor-element elementor-element-ahyjevh elementor-section-boxed elementor-section-height-default elementor-section-height-default" data-id="ahyjevh" data-element_type="section" data-e-type="section" data-settings="{&quot;background_background&quot;:&quot;classic&quot;}">
						<div class="elementor-container elementor-column-gap-no">
					<div class="elementor-column elementor-col-100 elementor-top-column elementor-element elementor-element-hjdwkia" data-id="hjdwkia" data-element_type="column" data-e-type="column" data-settings="{&quot;background_background&quot;:&quot;classic&quot;}">
			<div class="elementor-widget-wrap elementor-element-populated">
						<section class="elementor-section elementor-inner-section elementor-element elementor-element-9a93e72 elementor-section-full_width elementor-section-content-middle elementor-section-height-default elementor-section-height-default" data-id="9a93e72" data-element_type="section" data-e-type="section" data-settings="{&quot;background_background&quot;:&quot;classic&quot;}">
						<div class="elementor-container elementor-column-gap-default">
					<div class="elementor-column elementor-col-33 elementor-inner-column elementor-element elementor-element-37011b7" data-id="37011b7" data-element_type="column" data-e-type="column">
			<div class="elementor-widget-wrap elementor-element-populated">
						<div class="elementor-element elementor-element-1e82c11 elementor-widget elementor-widget-image" data-id="1e82c11" data-element_type="widget" data-e-type="widget" data-widget_type="image.default">
				<div class="elementor-widget-container">
															<img fetchpriority="high" decoding="async" width="600" height="600" src="https://www.mbp.chrzanow.pl/forumregionalne/wp-content/uploads/2023/07/logo.jpg" class="attachment-large size-large wp-image-3629" alt="" srcset="https://www.mbp.chrzanow.pl/forumregionalne/wp-content/uploads/2023/07/logo.jpg 600w, https://www.mbp.chrzanow.pl/forumregionalne/wp-content/uploads/2023/07/logo-300x300.jpg 300w, https://www.mbp.chrzanow.pl/forumregionalne/wp-content/uploads/2023/07/logo-150x150.jpg 150w" sizes="(max-width: 600px) 100vw, 600px" />															</div>
				</div>
					</div>
		</div>
				<div class="elementor-column elementor-col-66 elementor-inner-column elementor-element elementor-element-779957b" data-id="779957b" data-element_type="column" data-e-type="column">
			<div class="elementor-widget-wrap elementor-element-populated">
						<div class="elementor-element elementor-element-e41d07f elementor-widget elementor-widget-heading" data-id="e41d07f" data-element_type="widget" data-e-type="widget" data-widget_type="heading.default">
				<div class="elementor-widget-container">
					<h2 class="elementor-heading-title elementor-size-default">Miejska Biblioteka Publiczna <br>w Chrzanowie</h2>				</div>
				</div>
				<div class="elementor-element elementor-element-bd6ffbe elementor-widget elementor-widget-text-editor" data-id="bd6ffbe" data-element_type="widget" data-e-type="widget" data-widget_type="text-editor.default">
				<div class="elementor-widget-container">
									<p>ul. Władysława Broniewskiego 10C, 32-500 Chrzanów</p><p><a href="http://www.mbp.chrzanow.pl">www.mbp.chrzanow.pl</a></p>								</div>
				</div>
				<div class="elementor-element elementor-element-8376681 elementor-widget elementor-widget-text-editor" data-id="8376681" data-element_type="widget" data-e-type="widget" data-widget_type="text-editor.default">
				<div class="elementor-widget-container">
									<p>koordynator: Małgorzata Zbroszczyk,</p><p>Dział Informacji i Multimediów,</p><p>poniedziałek &#8211; piątek: 8:00 &#8211; 15:00,</p><p>tel. +48 32 763 27 48,</p><p>e-mail: <a href="mailto:regionalia@biblioteka-chrzanow.pl">regionalia@bibliteka-chrzanow.pl</a></p>								</div>
				</div>
					</div>
		</div>
					</div>
		</section>
					</div>
		</div>
					</div>
		</section>
				<section class="elementor-section elementor-top-section elementor-element elementor-element-e50e8ee elementor-section-stretched elementor-section-boxed elementor-section-height-default elementor-section-height-default" data-id="e50e8ee" data-element_type="section" data-e-type="section" data-settings="{&quot;stretch_section&quot;:&quot;section-stretched&quot;}">
						<div class="elementor-container elementor-column-gap-default">
					<div class="elementor-column elementor-col-100 elementor-top-column elementor-element elementor-element-9e73b02" data-id="9e73b02" data-element_type="column" data-e-type="column">
			<div class="elementor-widget-wrap elementor-element-populated">
						<div class="elementor-element elementor-element-849581f elementor-widget elementor-widget-spacer" data-id="849581f" data-element_type="widget" data-e-type="widget" data-widget_type="spacer.default">
				<div class="elementor-widget-container">
							<div class="elementor-spacer">
			<div class="elementor-spacer-inner"></div>
		</div>
						</div>
				</div>
					</div>
		</div>
					</div>
		</section>
				</div>

<p>KONTAKT Miejska Biblioteka Publiczna w Chrzanowie ul. Władysława Broniewskiego 10C, 32-500 Chrzanów www.mbp.chrzanow.pl koordynator: Małgorzata Zbroszczyk, Dział Informacji i Multimediów, poniedziałek &#8211; piątek: 8:00 &#8211; 15:00, tel. +48 32 763 27 48, e-mail: regionalia@bibliteka-chrzanow.pl</p>
