{"id":1563,"date":"2018-08-07T18:13:24","date_gmt":"2018-08-07T16:13:24","guid":{"rendered":"http:\/\/www.mbp.chrzanow.pl\/forumregionalne\/?page_id=1563"},"modified":"2018-11-02T15:46:36","modified_gmt":"2018-11-02T14:46:36","slug":"program-3","status":"publish","type":"page","link":"https:\/\/www.mbp.chrzanow.pl\/forumregionalne2018\/index.php\/program-3\/","title":{"rendered":"Program"},"content":{"rendered":"\t\t<div data-elementor-type=\"wp-post\" data-elementor-id=\"1563\" class=\"elementor elementor-1563 elementor-bc-flex-widget\">\n\t\t\t\t\t\t<section class=\"elementor-section elementor-top-section elementor-element elementor-element-2e037476 elementor-section-content-middle elementor-section-boxed elementor-section-height-default elementor-section-height-default\" data-id=\"2e037476\" data-element_type=\"section\" data-e-type=\"section\">\n\t\t\t\t\t\t<div class=\"elementor-container elementor-column-gap-default\">\n\t\t\t\t\t<div class=\"elementor-column elementor-col-50 elementor-top-column elementor-element elementor-element-3dc908f4\" data-id=\"3dc908f4\" data-element_type=\"column\" data-e-type=\"column\">\n\t\t\t<div class=\"elementor-widget-wrap elementor-element-populated\">\n\t\t\t\t\t\t<div class=\"elementor-element elementor-element-2a04df54 elementor-widget elementor-widget-heading\" data-id=\"2a04df54\" data-element_type=\"widget\" data-e-type=\"widget\" data-widget_type=\"heading.default\">\n\t\t\t\t<div class=\"elementor-widget-container\">\n\t\t\t\t\t<h2 class=\"elementor-heading-title elementor-size-default\">Program<\/h2>\t\t\t\t<\/div>\n\t\t\t\t<\/div>\n\t\t\t\t\t<\/div>\n\t\t<\/div>\n\t\t\t\t<div class=\"elementor-column elementor-col-50 elementor-top-column elementor-element elementor-element-77cdff17\" data-id=\"77cdff17\" data-element_type=\"column\" data-e-type=\"column\">\n\t\t\t<div class=\"elementor-widget-wrap\">\n\t\t\t\t\t\t\t<\/div>\n\t\t<\/div>\n\t\t\t\t\t<\/div>\n\t\t<\/section>\n\t\t\t\t<section class=\"elementor-section elementor-top-section elementor-element elementor-element-656285d4 elementor-section-boxed elementor-section-height-default elementor-section-height-default\" data-id=\"656285d4\" data-element_type=\"section\" data-e-type=\"section\">\n\t\t\t\t\t\t<div class=\"elementor-container elementor-column-gap-default\">\n\t\t\t\t\t<div class=\"elementor-column elementor-col-50 elementor-top-column elementor-element elementor-element-5049c554\" data-id=\"5049c554\" data-element_type=\"column\" data-e-type=\"column\">\n\t\t\t<div class=\"elementor-widget-wrap\">\n\t\t\t\t\t\t\t<\/div>\n\t\t<\/div>\n\t\t\t\t<div class=\"elementor-column elementor-col-50 elementor-top-column elementor-element elementor-element-1e01c1eb\" data-id=\"1e01c1eb\" data-element_type=\"column\" data-e-type=\"column\">\n\t\t\t<div class=\"elementor-widget-wrap elementor-element-populated\">\n\t\t\t\t\t\t<div class=\"elementor-element elementor-element-6ff611dc elementor-widget elementor-widget-heading\" data-id=\"6ff611dc\" data-element_type=\"widget\" data-e-type=\"widget\" data-widget_type=\"heading.default\">\n\t\t\t\t<div class=\"elementor-widget-container\">\n\t\t\t\t\t<h5 class=\"elementor-heading-title elementor-size-default\"><a href=\"http:\/\/www.mbp.chrzanow.pl\/forumregionalne20182018\/wp-content\/uploads\/program_2018_11_15-16.pdf\" target=\"_blank\">SZCZEG\u00d3\u0141OWY PROGRAM [PDF]<\/a><\/h5>\t\t\t\t<\/div>\n\t\t\t\t<\/div>\n\t\t\t\t\t<\/div>\n\t\t<\/div>\n\t\t\t\t\t<\/div>\n\t\t<\/section>\n\t\t\t\t<section class=\"elementor-section elementor-top-section elementor-element elementor-element-db7ca6f elementor-section-full_width elementor-section-height-default elementor-section-height-default\" data-id=\"db7ca6f\" data-element_type=\"section\" data-e-type=\"section\">\n\t\t\t\t\t\t<div class=\"elementor-container elementor-column-gap-default\">\n\t\t\t\t\t<div class=\"elementor-column elementor-col-100 elementor-top-column elementor-element elementor-element-db2f299\" data-id=\"db2f299\" data-element_type=\"column\" data-e-type=\"column\">\n\t\t\t<div class=\"elementor-widget-wrap elementor-element-populated\">\n\t\t\t\t\t\t<div class=\"elementor-element elementor-element-87f3377 elementor-widget elementor-widget-text-editor\" data-id=\"87f3377\" data-element_type=\"widget\" data-e-type=\"widget\" data-widget_type=\"text-editor.default\">\n\t\t\t\t<div class=\"elementor-widget-container\">\n\t\t\t\t\t\t\t\t\t<table width=\"1038\"><tbody><tr><td colspan=\"2\" width=\"604\"><p style=\"text-align: center; background-color: #67c148;\"><strong><span style=\"color: #ffffff;\">\u00a0I DZIE\u0143 &#8211; 15 listopada 2018<\/span><\/strong><br \/><span style=\"color: #ffffff;\"> MIEJSKA BIBLIOTEKA PUBLICZNA W CHRZANOWIE &#8211; ul. Broniewskiego 10 C, 32-500 Chrzan\u00f3w\u00a0\u00a0\u00a0\u00a0<br \/><\/span><\/p><\/td><\/tr><tr><td width=\"113\">9:30 &#8211; 10:00<\/td><td width=\"491\"><div>Rejestracja uczestnik\u00f3w<\/div><\/td><\/tr><tr><td width=\"113\"><div><strong>10:00 &#8211; 10:30<\/strong><\/div><\/td><td width=\"491\"><div><strong>Otwarcie Forum <\/strong>wraz z wernisa\u017cem wystawy \u201eZapomniane dziedzictwo\u201d<\/div><\/td><\/tr><tr><td width=\"113\"><div><strong>10:30 &#8211; 12:00<\/strong><\/div><\/td><td width=\"491\"><div><strong>Dziedzictwo kulturowe w animacji.\u00a0Wyst\u0105pienia prelegent\u00f3w<\/strong><\/div><div><p><em><br \/>Teresa Jankowska &#8211; Dziedzictwo kulturowe \u2013 animacja &#8211; to\u017csamo\u015b\u0107<br \/><\/em><\/p><p><em>dr Wac\u0142aw Idziak &#8211; Nieoczywiste dziedzictwo a rozw\u00f3j lokalny<br \/><\/em><\/p><p><em>Tomasz Wrona &#8211; Animacja tradycji w \u015brodowisku<br \/><\/em><\/p><\/div><\/td><\/tr><tr><td width=\"113\"><b>12:00 &#8211; 13:00<\/b><\/td><td width=\"491\"><p><b>Wyst\u0105pienia prelegent\u00f3w<\/b><\/p><p><i>dr\u00a0 Wojciech\u00a0 Momot\u00a0 &#8211; Krakowskie\u00a0 \u015blady\u00a0 J\u00f3zefa\u00a0 Pi\u0142sudskiego\u00a0 (\u017cycie\u00a0 codzienne i\u00a0 dzia\u0142alno\u015b\u0107 niepodleg\u0142o\u015bciowa)<\/i><\/p><p><em>Aleksander Babi\u0144ski &#8211;<\/em> Komitety Narodowe oraz Ko\u0142a Ligi Kobiet NKN na terenie powiatu chrzanowskiego <br \/>w latach 1914-1918<\/p><p><em>Jacek Sypie\u0144<\/em> &#8211; Jan Jarno &#8211; olkuski stra\u017cak, spo\u0142ecznik i autor pami\u0119tnik\u00f3w<\/p><\/td><\/tr><tr><td width=\"113\"><strong>13:00 &#8211; 14:00<\/strong><\/td><td width=\"491\"><strong>Lunch<\/strong><\/td><\/tr><tr><td width=\"113\"><strong>14:00 &#8211; 15:30<\/strong><\/td><td width=\"491\"><p><strong>Wyst\u0105pienia prelegent\u00f3w<\/strong><\/p><p><em>Piotr Rygus &#8211; VfR K\u00f6nigsh\u00fctte \/ AKS Chorz\u00f3w \u2013 transformacja od niemieckiego klubu sportowego do jednej z najciekawszych dru\u017cyn pi\u0142karskich Polski mi\u0119dzywojennej<\/em><\/p><p><em>Iwona Brandys &#8211; Domu Kultury w Szczakowej w latach 1928 -1987, czyli dzia\u0142alno\u015b\u0107 artystyczna plac\u00f3wki od Zdzis\u0142awa Krudzielskiego do Zofii G\u0142\u0119bockiej. Z cyklu: Dziedzictwo artystyczne miasta Jaworzna na pograniczu \u015bl\u0105sko &#8211; ma\u0142opolskim<\/em><\/p><p><em>dr Wojciech Momot &#8211; Antoni Stawarz (1889-1955) \u2013 zapomniany bohater krakowskiej <\/em><br \/><em>Niepodleg\u0142o\u015bci<\/em><\/p><p>\u00a0<\/p><p><em>Robert Garstka &#8211; Szczekociny &#8211; kultura ludowa. Sta\u0144 bada\u0144 etnograficznych<\/em><strong><br \/><\/strong><\/p><p><em>Joanna Grzeszczuk, \u017baneta Bednarz<\/em> &#8211; prezentacja rocznika \u201eMa\u0142opolska\u201d<\/p><\/td><\/tr><tr><td width=\"113\"><div><strong>15:30 &#8211; 16:30<\/strong><\/div><\/td><td width=\"491\"><strong>Panel dyskusyjny<\/strong><\/td><\/tr><tr><td width=\"113\"><div>16:30 &#8211; 17:00<\/div><div>\u00a0<\/div><div><div>17:00 &#8211; 18:00<\/div><\/div><\/td><td width=\"491\"><p>Przerwa kawowa<\/p><p>Zwiedzanie Chrzanowa, oprowadza Kamil Bogusz<\/p><\/td><\/tr><tr><td colspan=\"2\" width=\"604\"><p style=\"text-align: center; background-color: #2598ce;\"><span style=\"color: #ffffff;\"><strong>II DZIE\u0143 &#8211; 16 listopada 2018<\/strong><\/span><br \/><span style=\"color: #ffffff;\"><span style=\"color: #ffffff;\">MUZEUM \u2013 NADWI\u015aLA\u0143SKI PARK ETNOGRAFICZNY W WYGIE\u0141ZOWIE I ZAMEK LIPOWIEC<\/span>, ul.\u00a0Podzamcze 1, 32-551 Babice<\/span><br \/><span style=\"color: #ffffff;\"> <em>Wst\u0119p wolny<\/em><\/span><\/p><\/td><\/tr><tr><td width=\"113\">9:00 &#8211; 9:30<\/td><td width=\"491\"><strong>Otwarcie drugiego dnia Forum Regionalnego<\/strong><\/td><\/tr><tr><td width=\"113\">9:30 &#8211; 12:00<\/td><td width=\"491\"><p><strong>Wyst\u0105pienia prelegent\u00f3w<\/strong><\/p><p><em>Grzegorz Or\u0142owski &#8211; Aglomeracja krakowska &#8211; zarys rozwoju krakowskiego regionu miejskiego<\/em><\/p><p><em>dr Andrzej Szczypka &#8211; Walki o Lw\u00f3w i Galicj\u0119 Wschodni\u0105 w 1918 &#8211; 1919 r. w \u015bwietle prasy lokalnej Zag\u0142\u0119bia D\u0105browskiego i Cz\u0119stochowy<\/em><\/p><p><em>Micha\u0142 Zajda &#8211; Spo\u0142eczno\u015b\u0107 \u017cydowska w Krakowie w okresie mi\u0119dzywojennym<\/em><\/p><p><em>prof. dr hab. Dariusz Nawrot &#8211; Powstanie na Nowym \u015al\u0105sku 1806\/1807 &#8211; pocz\u0105tek drogi Zag\u0142\u0119bia D\u0105browskiego<br \/>do niepodleg\u0142o\u015bci<br \/><\/em><\/p><p><em>Anna Latko &#8211; Serafi\u0144ska, Wojciech Wyzina &#8211; Wsp\u00f3\u0142istnienie kultur w Niepodleg\u0142ej<\/em><\/p><\/td><\/tr><tr><td width=\"113\"><strong>12:30 &#8211; 13:30<\/strong><\/td><td width=\"491\"><strong>Lunch<\/strong><\/td><\/tr><tr><td width=\"113\"><strong>13:30\u00a0 &#8211; 14:30<\/strong><\/td><td width=\"491\"><strong>Podsumowanie II Forum Regionalnego.<\/strong><\/td><\/tr><tr><td width=\"113\">14:30 &#8211; 15:30<\/td><td width=\"491\">Zwiedzanie Skansenu<\/td><\/tr><tr><td width=\"113\">\u00a0<\/td><td width=\"491\">\u00a0<\/td><\/tr><\/tbody><\/table>\t\t\t\t\t\t\t\t<\/div>\n\t\t\t\t<\/div>\n\t\t\t\t\t<\/div>\n\t\t<\/div>\n\t\t\t\t\t<\/div>\n\t\t<\/section>\n\t\t\t\t<section class=\"elementor-section elementor-top-section elementor-element elementor-element-72c26a2e elementor-section-boxed elementor-section-height-default elementor-section-height-default\" data-id=\"72c26a2e\" data-element_type=\"section\" data-e-type=\"section\">\n\t\t\t\t\t\t<div class=\"elementor-container elementor-column-gap-default\">\n\t\t\t\t\t<div class=\"elementor-column elementor-col-100 elementor-top-column elementor-element elementor-element-418b5394\" data-id=\"418b5394\" data-element_type=\"column\" data-e-type=\"column\">\n\t\t\t<div class=\"elementor-widget-wrap elementor-element-populated\">\n\t\t\t\t\t\t<div class=\"elementor-element elementor-element-2385fde3 elementor-widget elementor-widget-heading\" data-id=\"2385fde3\" data-element_type=\"widget\" data-e-type=\"widget\" data-widget_type=\"heading.default\">\n\t\t\t\t<div class=\"elementor-widget-container\">\n\t\t\t\t\t<h5 class=\"elementor-heading-title elementor-size-default\"><a href=\"http:\/\/www.mbp.chrzanow.pl\/forumregionalne20182018\/wp-content\/uploads\/program_2018_11_15-16.pdf\" target=\"_blank\">SZCZEG\u00d3\u0141OWY PROGRAM [PDF]<\/a><\/h5>\t\t\t\t<\/div>\n\t\t\t\t<\/div>\n\t\t\t\t\t<\/div>\n\t\t<\/div>\n\t\t\t\t\t<\/div>\n\t\t<\/section>\n\t\t\t\t<\/div>\n\t\t","protected":false},"excerpt":{"rendered":"<p>Program SZCZEG\u00d3\u0141OWY PROGRAM [PDF] \u00a0I DZIE\u0143 &#8211; 15 listopada 2018 MIEJSKA BIBLIOTEKA PUBLICZNA W CHRZANOWIE &#8211; ul. Broniewskiego 10 C, 32-500 Chrzan\u00f3w\u00a0\u00a0\u00a0\u00a0 9:30 &#8211; 10:00 Rejestracja uczestnik\u00f3w 10:00 &#8211; 10:30 Otwarcie Forum wraz z wernisa\u017cem wystawy \u201eZapomniane dziedzictwo\u201d 10:30 &#8211; 12:00 Dziedzictwo kulturowe w animacji.\u00a0Wyst\u0105pienia prelegent\u00f3w Teresa Jankowska &#8211; Dziedzictwo kulturowe \u2013 animacja &#8211; to\u017csamo\u015b\u0107 [&hellip;]<\/p>\n","protected":false},"author":2,"featured_media":0,"parent":0,"menu_order":0,"comment_status":"closed","ping_status":"closed","template":"","meta":{"footnotes":""},"class_list":["post-1563","page","type-page","status-publish","hentry"],"_links":{"self":[{"href":"https:\/\/www.mbp.chrzanow.pl\/forumregionalne2018\/index.php\/wp-json\/wp\/v2\/pages\/1563","targetHints":{"allow":["GET"]}}],"collection":[{"href":"https:\/\/www.mbp.chrzanow.pl\/forumregionalne2018\/index.php\/wp-json\/wp\/v2\/pages"}],"about":[{"href":"https:\/\/www.mbp.chrzanow.pl\/forumregionalne2018\/index.php\/wp-json\/wp\/v2\/types\/page"}],"author":[{"embeddable":true,"href":"https:\/\/www.mbp.chrzanow.pl\/forumregionalne2018\/index.php\/wp-json\/wp\/v2\/users\/2"}],"replies":[{"embeddable":true,"href":"https:\/\/www.mbp.chrzanow.pl\/forumregionalne2018\/index.php\/wp-json\/wp\/v2\/comments?post=1563"}],"version-history":[{"count":37,"href":"https:\/\/www.mbp.chrzanow.pl\/forumregionalne2018\/index.php\/wp-json\/wp\/v2\/pages\/1563\/revisions"}],"predecessor-version":[{"id":1784,"href":"https:\/\/www.mbp.chrzanow.pl\/forumregionalne2018\/index.php\/wp-json\/wp\/v2\/pages\/1563\/revisions\/1784"}],"wp:attachment":[{"href":"https:\/\/www.mbp.chrzanow.pl\/forumregionalne2018\/index.php\/wp-json\/wp\/v2\/media?parent=1563"}],"curies":[{"name":"wp","href":"https:\/\/api.w.org\/{rel}","templated":true}]}}