{"id":282,"date":"2017-08-10T08:10:11","date_gmt":"2017-08-10T06:10:11","guid":{"rendered":"http:\/\/www.mbp.chrzanow.pl\/forumregionalne\/?page_id=282"},"modified":"2018-09-26T13:25:08","modified_gmt":"2018-09-26T11:25:08","slug":"rejestracja","status":"publish","type":"page","link":"https:\/\/www.mbp.chrzanow.pl\/forumregionalne2019\/index.php\/rejestracja\/","title":{"rendered":"REJESTRACJA PRELEGENT\u00d3W"},"content":{"rendered":"\t\t<div data-elementor-type=\"wp-post\" data-elementor-id=\"282\" class=\"elementor elementor-282 elementor-bc-flex-widget\">\n\t\t\t\t\t\t<section class=\"elementor-section elementor-top-section elementor-element elementor-element-38e8adf7 elementor-section-content-middle elementor-section-boxed elementor-section-height-default elementor-section-height-default\" data-id=\"38e8adf7\" data-element_type=\"section\" data-e-type=\"section\">\n\t\t\t\t\t\t<div class=\"elementor-container elementor-column-gap-no\">\n\t\t\t\t\t<div class=\"elementor-column elementor-col-50 elementor-top-column elementor-element elementor-element-13189da8\" data-id=\"13189da8\" data-element_type=\"column\" data-e-type=\"column\">\n\t\t\t<div class=\"elementor-widget-wrap elementor-element-populated\">\n\t\t\t\t\t\t<div class=\"elementor-element elementor-element-5374107b elementor-widget elementor-widget-heading\" data-id=\"5374107b\" data-element_type=\"widget\" data-e-type=\"widget\" data-widget_type=\"heading.default\">\n\t\t\t\t<div class=\"elementor-widget-container\">\n\t\t\t\t\t<h4 class=\"elementor-heading-title elementor-size-default\">PROSIMY<br> O REJESTRACJ\u0118\nPRELEGENT\u00d3W DO<\/h4>\t\t\t\t<\/div>\n\t\t\t\t<\/div>\n\t\t\t\t\t<\/div>\n\t\t<\/div>\n\t\t\t\t<div class=\"elementor-column elementor-col-50 elementor-top-column elementor-element elementor-element-7a401758\" data-id=\"7a401758\" data-element_type=\"column\" data-e-type=\"column\">\n\t\t\t<div class=\"elementor-widget-wrap elementor-element-populated\">\n\t\t\t\t\t\t<div class=\"elementor-element elementor-element-3200f18f elementor-widget elementor-widget-text-editor\" data-id=\"3200f18f\" data-element_type=\"widget\" data-e-type=\"widget\" data-widget_type=\"text-editor.default\">\n\t\t\t\t<div class=\"elementor-widget-container\">\n\t\t\t\t\t\t\t\t\t<h3>17.10.2018<\/h3>\t\t\t\t\t\t\t\t<\/div>\n\t\t\t\t<\/div>\n\t\t\t\t\t<\/div>\n\t\t<\/div>\n\t\t\t\t\t<\/div>\n\t\t<\/section>\n\t\t\t\t<section class=\"elementor-section elementor-top-section elementor-element elementor-element-90b5704 elementor-section-boxed elementor-section-height-default elementor-section-height-default\" data-id=\"90b5704\" data-element_type=\"section\" data-e-type=\"section\">\n\t\t\t\t\t\t<div class=\"elementor-container elementor-column-gap-default\">\n\t\t\t\t\t<div class=\"elementor-column elementor-col-100 elementor-top-column elementor-element elementor-element-6969aad\" data-id=\"6969aad\" data-element_type=\"column\" data-e-type=\"column\">\n\t\t\t<div class=\"elementor-widget-wrap elementor-element-populated\">\n\t\t\t\t\t\t<div class=\"elementor-element elementor-element-76bbd61 elementor-widget elementor-widget-heading\" data-id=\"76bbd61\" data-element_type=\"widget\" data-e-type=\"widget\" data-widget_type=\"heading.default\">\n\t\t\t\t<div class=\"elementor-widget-container\">\n\t\t\t\t\t<h2 class=\"elementor-heading-title elementor-size-default\">\u201ePatriotyzm, obywatelsko\u015b\u0107, pa\u0144stwowo\u015b\u0107. Ma\u0142opolanie i G\u00f3rno\u015bl\u0105zacy w dobie Niepodleg\u0142ej\u201d<\/h2>\t\t\t\t<\/div>\n\t\t\t\t<\/div>\n\t\t\t\t\t<\/div>\n\t\t<\/div>\n\t\t\t\t\t<\/div>\n\t\t<\/section>\n\t\t\t\t<section class=\"elementor-section elementor-top-section elementor-element elementor-element-9725911 elementor-section-boxed elementor-section-height-default elementor-section-height-default\" data-id=\"9725911\" data-element_type=\"section\" data-e-type=\"section\">\n\t\t\t\t\t\t<div class=\"elementor-container elementor-column-gap-default\">\n\t\t\t\t\t<div class=\"elementor-column elementor-col-100 elementor-top-column elementor-element elementor-element-12f6be0\" data-id=\"12f6be0\" data-element_type=\"column\" data-e-type=\"column\">\n\t\t\t<div class=\"elementor-widget-wrap elementor-element-populated\">\n\t\t\t\t\t\t<div class=\"elementor-element elementor-element-129d972 elementor-widget elementor-widget-text-editor\" data-id=\"129d972\" data-element_type=\"widget\" data-e-type=\"widget\" data-widget_type=\"text-editor.default\">\n\t\t\t\t<div class=\"elementor-widget-container\">\n\t\t\t\t\t\t\t\t\t<p>Zapraszamy do zg\u0142aszania referat\u00f3w osoby zajmuj\u0105ce si\u0119 lokaln\u0105 i regionaln\u0105 histori\u0105 zawodowo oraz pasjonat\u00f3w, kt\u00f3rzy chcieliby przedstawi\u0107 spostrze\u017cenia z zakresu zagadnie\u0144 politycznych, militarnych i kulturowych dotycz\u0105cych pogranicza Ma\u0142opolski i \u015al\u0105ska w pierwszych dziesi\u0119cioleciach XX wieku.<\/p><p>Podczas konferencji chcieliby\u015bmy zwr\u00f3ci\u0107 uwag\u0119 nie tylko na wielkich przyw\u00f3dc\u00f3w i masowe organizacje, ale tak\u017ce na regionalnych dzia\u0142aczy i lokalne stowarzyszenia kszta\u0142tuj\u0105ce patriotyczne postawy w okresie zabor\u00f3w. Pragniemy przypomnie\u0107 ludzi dbaj\u0105cych o nasz\u0105 kultur\u0119 i o\u015bwiat\u0119 w czasach niewoli oraz tworz\u0105cych struktury odrodzonego po I wojnie \u015bwiatowej pa\u0144stwa polskiego.<br \/>Forum mo\u017ce sta\u0107 si\u0119 przyczynkiem do budzenia zainteresowania histori\u0105 w wymiarze lokalnym, a przede wszystkim przybli\u017cy\u0107 wydarzenia i postacie dot\u0105d marginalizowane lub wr\u0119cz nieznane.<\/p><p>Prelegenci b\u0119d\u0105 proszeni o przys\u0142anie tekst\u00f3w swoich wyst\u0105pie\u0144 w celu publikacji.<\/p><p>Prelegenci s\u0105 zwolnieni z op\u0142aty uczestnictwa w forum.<\/p>\t\t\t\t\t\t\t\t<\/div>\n\t\t\t\t<\/div>\n\t\t\t\t\t<\/div>\n\t\t<\/div>\n\t\t\t\t\t<\/div>\n\t\t<\/section>\n\t\t\t\t<section class=\"elementor-section elementor-top-section elementor-element elementor-element-03anai1 elementor-section-boxed elementor-section-height-default elementor-section-height-default\" data-id=\"03anai1\" data-element_type=\"section\" data-e-type=\"section\">\n\t\t\t\t\t\t<div class=\"elementor-container elementor-column-gap-default\">\n\t\t\t\t\t<div class=\"elementor-column elementor-col-33 elementor-top-column elementor-element elementor-element-3bn6e6m\" data-id=\"3bn6e6m\" data-element_type=\"column\" data-e-type=\"column\">\n\t\t\t<div class=\"elementor-widget-wrap\">\n\t\t\t\t\t\t\t<\/div>\n\t\t<\/div>\n\t\t\t\t<div class=\"elementor-column elementor-col-33 elementor-top-column elementor-element elementor-element-qij8e98\" data-id=\"qij8e98\" data-element_type=\"column\" data-e-type=\"column\">\n\t\t\t<div class=\"elementor-widget-wrap elementor-element-populated\">\n\t\t\t\t\t\t<div class=\"elementor-element elementor-element-0ee3562 elementor-widget elementor-widget-wp-widget-wpforms-widget\" data-id=\"0ee3562\" data-element_type=\"widget\" data-e-type=\"widget\" data-widget_type=\"wp-widget-wpforms-widget.default\">\n\t\t\t\t<div class=\"elementor-widget-container\">\n\t\t\t\t\t<div class=\"wpforms-container wpforms-container-full\" id=\"wpforms-323\"><form id=\"wpforms-form-323\" class=\"wpforms-validate wpforms-form\" data-formid=\"323\" method=\"post\" enctype=\"multipart\/form-data\" action=\"\/forumregionalne2019\/index.php\/wp-json\/wp\/v2\/pages\/282\" data-token=\"517f1fb7276f2f379e53de88e15c33d0\" data-token-time=\"1777725291\"><noscript class=\"wpforms-error-noscript\">Aby wype\u0142ni\u0107 ten formularz, w\u0142\u0105cz obs\u0142ug\u0119 JavaScript w przegl\u0105darce.<\/noscript><div class=\"wpforms-field-container\"><div id=\"wpforms-323-field_1-container\" class=\"wpforms-field wpforms-field-text\" data-field-id=\"1\"><label class=\"wpforms-field-label\" for=\"wpforms-323-field_1\"> Imi\u0119 i Nazwisko <span class=\"wpforms-required-label\">*<\/span><\/label><input type=\"text\" id=\"wpforms-323-field_1\" class=\"wpforms-field-medium wpforms-field-required\" name=\"wpforms[fields][1]\" required><\/div><div id=\"wpforms-323-field_2-container\" class=\"wpforms-field wpforms-field-text\" data-field-id=\"2\"><label class=\"wpforms-field-label\" for=\"wpforms-323-field_2\">Telefon <span class=\"wpforms-required-label\">*<\/span><\/label><input type=\"text\" id=\"wpforms-323-field_2\" class=\"wpforms-field-medium wpforms-field-required\" name=\"wpforms[fields][2]\" required><\/div><div id=\"wpforms-323-field_3-container\" class=\"wpforms-field wpforms-field-email\" data-field-id=\"3\"><label class=\"wpforms-field-label\" for=\"wpforms-323-field_3\">Email <span class=\"wpforms-required-label\">*<\/span><\/label><input type=\"email\" id=\"wpforms-323-field_3\" class=\"wpforms-field-medium wpforms-field-required\" name=\"wpforms[fields][3]\" spellcheck=\"false\" required><\/div><div id=\"wpforms-323-field_6-container\" class=\"wpforms-field wpforms-field-text\" data-field-id=\"6\"><label class=\"wpforms-field-label\" for=\"wpforms-323-field_6\">Tytu\u0142 referatu <span class=\"wpforms-required-label\">*<\/span><\/label><input type=\"text\" id=\"wpforms-323-field_6\" class=\"wpforms-field-medium wpforms-field-required\" name=\"wpforms[fields][6]\" required><\/div><div id=\"wpforms-323-field_7-container\" class=\"wpforms-field wpforms-field-textarea\" data-field-id=\"7\"><label class=\"wpforms-field-label\" for=\"wpforms-323-field_7\">Kr\u00f3tkie streszczenie <span class=\"wpforms-required-label\">*<\/span><\/label><textarea id=\"wpforms-323-field_7\" class=\"wpforms-field-medium wpforms-field-required\" name=\"wpforms[fields][7]\" placeholder=\"tre\u015b\u0107 do 1500 znak\u00f3w\" required><\/textarea><\/div><div id=\"wpforms-323-field_9-container\" class=\"wpforms-field wpforms-field-textarea\" data-field-id=\"9\"><label class=\"wpforms-field-label\" for=\"wpforms-323-field_9\">Kr\u00f3tka notatka o sobie <span class=\"wpforms-required-label\">*<\/span><\/label><textarea id=\"wpforms-323-field_9\" class=\"wpforms-field-medium wpforms-field-required\" name=\"wpforms[fields][9]\" placeholder=\"tre\u015b\u0107 do 1000 znak\u00f3w\" required><\/textarea><\/div><div id=\"wpforms-323-field_10-container\" class=\"wpforms-field wpforms-field-checkbox\" data-field-id=\"10\"><label class=\"wpforms-field-label\">Zgody <span class=\"wpforms-required-label\">*<\/span><\/label><ul id=\"wpforms-323-field_10\" class=\"wpforms-field-required\"><li class=\"choice-1 depth-1\"><input type=\"checkbox\" id=\"wpforms-323-field_10_1\" name=\"wpforms[fields][10][]\" value=\"zgoda na przetwarzanie danych osobowych *  Wyra\u017cam zgod\u0119 na przetwarzanie moich danych osobowych w celu realizacji procesu rejestracji oraz przetwarzanie mojego wizerunku wykonanego podczas forum. Zgoda obejmuje wykorzystanie, utrwalanie, obr\u00f3bk\u0119 i powielanie wykonanych zdj\u0119\u0107, za po\u015brednictwem dowolnego medium, w szczeg\u00f3lno\u015bci udost\u0119pnianie ich poprzez stron\u0119 internetow\u0105, fanpage w serwisie Facebook oraz zamieszczanie w materia\u0142ach informacyjnych Miejskiej Biblioteki Publicznej w Chrzanowie, Muzeum \u2013 Nadwi\u015bla\u0144skiego Parku Etnograficznego w Wygie\u0142zowie i Zamku Lipowiec, Regionalnego Instytutu Kultury w Katowicach zgodnie z Rozporz\u0105dzeniem Parlamentu Europejskiego i Rady (UE) 2016\/679 z dnia 27 kwietnia 2016 oraz zgodnie z klauzul\u0105 informacyjn\u0105 do\u0142\u0105czon\u0105 do mojej zgody.\" required ><label class=\"wpforms-field-label-inline\" for=\"wpforms-323-field_10_1\">zgoda na przetwarzanie danych osobowych *  Wyra\u017cam zgod\u0119 na przetwarzanie moich danych osobowych w celu realizacji procesu rejestracji oraz przetwarzanie mojego wizerunku wykonanego podczas forum. Zgoda obejmuje wykorzystanie, utrwalanie, obr\u00f3bk\u0119 i powielanie wykonanych zdj\u0119\u0107, za po\u015brednictwem dowolnego medium, w szczeg\u00f3lno\u015bci udost\u0119pnianie ich poprzez stron\u0119 internetow\u0105, fanpage w serwisie Facebook oraz zamieszczanie w materia\u0142ach informacyjnych Miejskiej Biblioteki Publicznej w Chrzanowie, Muzeum \u2013 Nadwi\u015bla\u0144skiego Parku Etnograficznego w Wygie\u0142zowie i Zamku Lipowiec, Regionalnego Instytutu Kultury w Katowicach zgodnie z Rozporz\u0105dzeniem Parlamentu Europejskiego i Rady (UE) 2016\/679 z dnia 27 kwietnia 2016 oraz zgodnie z klauzul\u0105 informacyjn\u0105 do\u0142\u0105czon\u0105 do mojej zgody.<\/label><\/li><li class=\"choice-2 depth-1\"><input type=\"checkbox\" id=\"wpforms-323-field_10_2\" name=\"wpforms[fields][10][]\" value=\"klauzula informacyjna *  Zgodnie z art. 13 og\u00f3lnego rozporz\u0105dzenia o ochronie danych osobowych z dnia 27 kwietnia 2016 r. (Dz. Urz. UE L 119 z 04.05.2016) w zwi\u0105zku z przetwarzaniem danych osobowych Miejska Biblioteka Publiczna w Chrzanowie informuje, \u017ce: Administratorem Pani\/Pana danych osobowych jest Miejska Biblioteka Publiczna w Chrzanowie, ul. Broniewskiego 10C, 32-500 Chrzan\u00f3w. W Bibliotece wyznaczony zosta\u0142 Inspektor Ochrony Danych. Kontakt z Inspektorem zapewniony jest przez e-mail: baranowskiodo@gmail.com. Podanie przez Pani\u0105\/Pana danych jest dobrowolne. Pani\/Pana dane przechowywane b\u0119d\u0105 przez okres jednego roku. Posiada Pani\/Pan prawo do: dost\u0119pu do tre\u015bci swoich danych oraz ich sprostowania, usuni\u0119cia, ograniczenia przetwarzania, przenoszenia danych, wniesienia sprzeciwu wobec przetwarzania, prawo do cofni\u0119cia zgody w dowolnym momencie w przypadkach i na warunkach okre\u015blonych w Rozporz\u0105dzeniu Og\u00f3lnym. Konsekwencj\u0105 wycofania zgody na przetwarzanie danych osobowych b\u0119dzie usuni\u0119cie tych danych. Ma Pan\/Pani prawo wniesienia skargi do Prezesa Urz\u0119du Ochrony Danych Osobowych gdy uzna Pani\/Pan, \u017ce przetwarzanie Pani\/Pana danych osobowych odbywa si\u0119 z naruszeniem przepis\u00f3w Rozporz\u0105dzenia Og\u00f3lnego. Potwierdzam, \u017ce zapozna\u0142em(am) si\u0119 i przyjmuj\u0119 do wiadomo\u015bci powy\u017csze informacje.\" required ><label class=\"wpforms-field-label-inline\" for=\"wpforms-323-field_10_2\">klauzula informacyjna *  Zgodnie z art. 13 og\u00f3lnego rozporz\u0105dzenia o ochronie danych osobowych z dnia 27 kwietnia 2016 r. (Dz. Urz. UE L 119 z 04.05.2016) w zwi\u0105zku z przetwarzaniem danych osobowych Miejska Biblioteka Publiczna w Chrzanowie informuje, \u017ce: Administratorem Pani\/Pana danych osobowych jest Miejska Biblioteka Publiczna w Chrzanowie, ul. Broniewskiego 10C, 32-500 Chrzan\u00f3w. W Bibliotece wyznaczony zosta\u0142 Inspektor Ochrony Danych. Kontakt z Inspektorem zapewniony jest przez e-mail: baranowskiodo@gmail.com. Podanie przez Pani\u0105\/Pana danych jest dobrowolne. Pani\/Pana dane przechowywane b\u0119d\u0105 przez okres jednego roku. Posiada Pani\/Pan prawo do: dost\u0119pu do tre\u015bci swoich danych oraz ich sprostowania, usuni\u0119cia, ograniczenia przetwarzania, przenoszenia danych, wniesienia sprzeciwu wobec przetwarzania, prawo do cofni\u0119cia zgody w dowolnym momencie w przypadkach i na warunkach okre\u015blonych w Rozporz\u0105dzeniu Og\u00f3lnym. Konsekwencj\u0105 wycofania zgody na przetwarzanie danych osobowych b\u0119dzie usuni\u0119cie tych danych. Ma Pan\/Pani prawo wniesienia skargi do Prezesa Urz\u0119du Ochrony Danych Osobowych gdy uzna Pani\/Pan, \u017ce przetwarzanie Pani\/Pana danych osobowych odbywa si\u0119 z naruszeniem przepis\u00f3w Rozporz\u0105dzenia Og\u00f3lnego. Potwierdzam, \u017ce zapozna\u0142em(am) si\u0119 i przyjmuj\u0119 do wiadomo\u015bci powy\u017csze informacje.<\/label><\/li><\/ul><\/div><\/div><!-- .wpforms-field-container --><div class=\"wpforms-field wpforms-field-hp\"><label for=\"wpforms-323-field-hp\" class=\"wpforms-field-label\">Comment<\/label><input type=\"text\" name=\"wpforms[hp]\" id=\"wpforms-323-field-hp\" class=\"wpforms-field-medium\"><\/div><div class=\"wpforms-recaptcha-container wpforms-is-recaptcha wpforms-is-recaptcha-type-v2\" ><div class=\"g-recaptcha\" data-sitekey=\"6LdHtGQUAAAAAJDVD623x2HLVMimqo7eEX4ElouA\"><\/div><input type=\"text\" name=\"g-recaptcha-hidden\" class=\"wpforms-recaptcha-hidden\" style=\"position:absolute!important;clip:rect(0,0,0,0)!important;height:1px!important;width:1px!important;border:0!important;overflow:hidden!important;padding:0!important;margin:0!important;\" data-rule-recaptcha=\"1\"><\/div><div class=\"wpforms-submit-container\" ><input type=\"hidden\" name=\"wpforms[id]\" value=\"323\"><input type=\"hidden\" name=\"page_title\" value=\"\"><input type=\"hidden\" name=\"page_url\" value=\"https:\/\/www.mbp.chrzanow.pl\/forumregionalne2019\/index.php\/wp-json\/wp\/v2\/pages\/282\"><input type=\"hidden\" name=\"url_referer\" value=\"\"><button type=\"submit\" name=\"wpforms[submit]\" id=\"wpforms-submit-323\" class=\"wpforms-submit\" aria-live=\"assertive\" value=\"wpforms-submit\">WY\u015aLIJ<\/button><\/div><\/form><\/div>  <!-- .wpforms-container -->\t\t\t\t<\/div>\n\t\t\t\t<\/div>\n\t\t\t\t\t<\/div>\n\t\t<\/div>\n\t\t\t\t<div class=\"elementor-column elementor-col-33 elementor-top-column elementor-element elementor-element-44ejd07\" data-id=\"44ejd07\" data-element_type=\"column\" data-e-type=\"column\">\n\t\t\t<div class=\"elementor-widget-wrap\">\n\t\t\t\t\t\t\t<\/div>\n\t\t<\/div>\n\t\t\t\t\t<\/div>\n\t\t<\/section>\n\t\t\t\t<\/div>\n\t\t","protected":false},"excerpt":{"rendered":"<p>PROSIMY O REJESTRACJ\u0118 PRELEGENT\u00d3W DO 17.10.2018 \u201ePatriotyzm, obywatelsko\u015b\u0107, pa\u0144stwowo\u015b\u0107. Ma\u0142opolanie i G\u00f3rno\u015bl\u0105zacy w dobie Niepodleg\u0142ej\u201d Zapraszamy do zg\u0142aszania referat\u00f3w osoby zajmuj\u0105ce si\u0119 lokaln\u0105 i regionaln\u0105 histori\u0105 zawodowo oraz pasjonat\u00f3w, kt\u00f3rzy chcieliby przedstawi\u0107 spostrze\u017cenia z zakresu zagadnie\u0144 politycznych, militarnych i kulturowych dotycz\u0105cych pogranicza Ma\u0142opolski i \u015al\u0105ska w pierwszych dziesi\u0119cioleciach XX wieku. Podczas konferencji chcieliby\u015bmy zwr\u00f3ci\u0107 uwag\u0119 [&hellip;]<\/p>\n","protected":false},"author":1,"featured_media":0,"parent":0,"menu_order":0,"comment_status":"closed","ping_status":"closed","template":"","meta":{"footnotes":""},"class_list":["post-282","page","type-page","status-publish","hentry"],"_links":{"self":[{"href":"https:\/\/www.mbp.chrzanow.pl\/forumregionalne2019\/index.php\/wp-json\/wp\/v2\/pages\/282","targetHints":{"allow":["GET"]}}],"collection":[{"href":"https:\/\/www.mbp.chrzanow.pl\/forumregionalne2019\/index.php\/wp-json\/wp\/v2\/pages"}],"about":[{"href":"https:\/\/www.mbp.chrzanow.pl\/forumregionalne2019\/index.php\/wp-json\/wp\/v2\/types\/page"}],"author":[{"embeddable":true,"href":"https:\/\/www.mbp.chrzanow.pl\/forumregionalne2019\/index.php\/wp-json\/wp\/v2\/users\/1"}],"replies":[{"embeddable":true,"href":"https:\/\/www.mbp.chrzanow.pl\/forumregionalne2019\/index.php\/wp-json\/wp\/v2\/comments?post=282"}],"version-history":[{"count":40,"href":"https:\/\/www.mbp.chrzanow.pl\/forumregionalne2019\/index.php\/wp-json\/wp\/v2\/pages\/282\/revisions"}],"predecessor-version":[{"id":1666,"href":"https:\/\/www.mbp.chrzanow.pl\/forumregionalne2019\/index.php\/wp-json\/wp\/v2\/pages\/282\/revisions\/1666"}],"wp:attachment":[{"href":"https:\/\/www.mbp.chrzanow.pl\/forumregionalne2019\/index.php\/wp-json\/wp\/v2\/media?parent=282"}],"curies":[{"name":"wp","href":"https:\/\/api.w.org\/{rel}","templated":true}]}}