{"id":25,"date":"2019-04-04T14:51:40","date_gmt":"2019-04-04T12:51:40","guid":{"rendered":"https:\/\/www.mbp.chrzanow.pl\/lokomotywyniepodleglosci\/?page_id=25"},"modified":"2019-06-06T18:10:10","modified_gmt":"2019-06-06T16:10:10","slug":"kordynatorzy","status":"publish","type":"page","link":"https:\/\/www.mbp.chrzanow.pl\/lokomotywyniepodleglosci\/index.php\/kordynatorzy\/","title":{"rendered":"KORDYNATORZY"},"content":{"rendered":"\n<p><strong>Miejska Biblioteka Publiczna w Chrzanowie<\/strong> pe\u0142ni funkcje \nbiblioteki powiatowej dla powiatu chrzanowskiego. Szeroko pojmowana \ndzia\u0142alno\u015b\u0107 edukacyjno-\u00adkulturalna z wykorzystaniem nowych technologii i\n r\u00f3\u017cnorodnych form wpisuje si\u0119 w strategi\u0119 dzia\u0142ania biblioteki, kt\u00f3ra \nodpowiadaj\u0105c na potrzeby \u015brodowiska i czytelnik\u00f3w stara si\u0119 \nprzygotowywa\u0107 atrakcyjn\u0105 ofert\u0119 kulturaln\u0105 wykraczaj\u0105c\u0105 poza tradycyjne \nzadania biblioteki. Poza realizacj\u0105 g\u0142\u00f3wnych zada\u0144 statutowych \nzwi\u0105zanych z gromadzeniem, opracowaniem i udost\u0119pnianiem zbior\u00f3w, \nbiblioteka posiada bardzo szerok\u0105 ofert\u0119 dzia\u0142a\u0144 o charakterze \nszkoleniowym, edukacyjnym i kulturalnym, skierowan\u0105 do spo\u0142eczno\u015bci \nlokalnej. W Dziale Informacji Regionalnej tworzone jest bogate zaplecze \n\u017ar\u00f3d\u0142owe dla regionu dzi\u0119ki pozyskiwaniu i gromadzeniu wszelkich \ndokument\u00f3w zwi\u0105zanych z powiatem chrzanowskim, kt\u00f3re s\u0105 bezcennym \n\u017ar\u00f3d\u0142em informacji o \u017cyciu spo\u0142eczno-kulturalnym, ekonomicznym i \nhistorycznym regionu. Biblioteka przygotowuje i realizuje regionalne \nprojekty i przedsi\u0119wzi\u0119cia sprzyjaj\u0105ce budowaniu to\u017csamo\u015bci lokalnej i \nregionalnej propaguj\u0105c w\u015br\u00f3d mieszka\u0144c\u00f3w idee wolontariatu i pracy na \nrzecz dobra wsp\u00f3lnego. Wiele z tych projekt\u00f3w realizowane jest przy \nczynnym udziale lokalnej spo\u0142eczno\u015bci. W ramach dzia\u0142a\u0144 maj\u0105cych na celu\n zachowanie i propagowanie dziedzictwa kulturowego Biblioteka prowadzi <strong>Cyfrowe Archiwum Ziemi Chrzanowskiej<\/strong>, organizuje wyk\u0142ady <strong>Wszechnicy Chrzanowskiej<\/strong>\n na temat regionu (w tym historii zak\u0142ad\u00f3w przemys\u0142owych). Jest \norganizatorem, wsp\u00f3lnie z Regionalnym Instytutem Kultury w Katowicach i \nMuzeum Nadwi\u015bla\u0144ski Park Etnograficzny w Wygie\u0142zowie i Zamek Lipowiec,&nbsp; \nForum Regionalnego &#8222;Mi\u0119dzy Ma\u0142opolsk\u0105 a G\u00f3rnym \u015al\u0105skiem\u201d. Biblioteka \nprowadzi tak\u017ce dzia\u0142alno\u015b\u0107 wydawnicz\u0105 z zakresu historii regionu. W \nramach <strong>Biblioteczki Regionalnej Ziemi Chrzanowskiej<\/strong> ukaza\u0142y si\u0119 \nm.in Atlas historyczny ziemi chrzanowskiej z okazji stulecia odzyskania \nprzez Polsk\u0119 niepodleg\u0142o\u015bci, Historia os. K\u0105ty czy Dzieje rodziny \nSrok\u00f3w. Dzia\u0142aj\u0105c aktywnie na rzecz lokalnego \u015brodowiska Miejska \nBiblioteka Publiczna w Chrzanowie prowadzi miejskie kampanie edukacyjne i\n happeningi dotycz\u0105ce ekologii i niskiej emisji oraz kampani\u0119 Europejski\n Tydzie\u0144 Zr\u00f3wnowa\u017conego Transportu. Jest partnerem Ma\u0142opolskiego \nInstytutu Kultury w projekcie edukacji kulturowej Synapsy. Organizuje \ndla mieszka\u0144c\u00f3w Chrzanowa i okolic zaj\u0119cia edukacyjne w ramach \nMa\u0142opolskiej Nocy Naukowc\u00f3w, Ma\u0142opolskiego Festiwalu Innowacji oraz \nMa\u0142opolskiego Tygodnia Przedsi\u0119biorczo\u015bci. W 2018 r. by\u0142a partnerem \nMa\u0142opolskich Dni Dziedzictwa Kulturowego wsp\u00f3\u0142organizuj\u0105c zwiedzanie \nzabytkowego pieca kr\u0119gowego typu Hoffman na terenie by\u0142ego Zak\u0142adu \nWapienniczego w P\u0142azie. Biblioteka jest laureatem m.in. I i III miejsca \noraz wyr\u00f3\u017cnienia w konkursie Stowarzyszenia Bibliotekarzy Polskich \nMistrz Promocji Czytelnictwa. W 2017 r. biblioteka zdoby\u0142a I miejsce w \nMa\u0142opolsce i IV miejsce w Polsce w rankingu bibliotek Rzeczpospolitej i \nInstytutu Ksi\u0105\u017cki. R\u00f3\u017cnorodno\u015b\u0107 realizowanych dzia\u0142a\u0144 zbudowa\u0142a du\u017ce \ndo\u015bwiadczenie i bogate zaplecze w postaci kapita\u0142u spo\u0142ecznego.\n\n<\/p>\n\n\n\n<p style=\"text-align:left\" class=\"has-background has-very-light-gray-background-color\"><strong>Anna Siewiorek<\/strong> \u2013 Dyrektor Miejskiej Biblioteki Publicznej w Chrzanowie<br>Tel. 32-763-27-52 &nbsp;e-mail: <a rel=\"noreferrer noopener\" href=\"mailto:sekretariat@mbp.chrzanow.pl\" target=\"_blank\">sekretariat@mbp.chrzanow.pl<\/a> <\/p>\n\n\n\n<p class=\"has-background has-very-light-gray-background-color\"><strong>Olga Nowicka<\/strong> \u2013 Kierownik Dzia\u0142u Promocji Biblioteki i Upowszechniania Czytelnictwa<br>Tel. 32-763-27-55 &nbsp;e-mail: <a rel=\"noreferrer noopener\" href=\"mailto:promocja@mbp.chrzanow.pl\" target=\"_blank\">promocja@mbp.chrzanow.pl<\/a> <\/p>\n\n\n\n<p class=\"has-background has-very-light-gray-background-color\"><strong>Ma\u0142gorzata Zbroszczyk<\/strong> \u2013 Kierownik Dzia\u0142u Informacji Regionalnej<br>Tel. 32-763-27-48 &nbsp;e-mail: <a rel=\"noreferrer noopener\" href=\"mailto:regionalia@mbp.chrzanow.pl\" target=\"_blank\">regionalia@mbp.chrzanow.pl<\/a> <\/p>\n\n\n\n<p class=\"has-text-color has-background has-very-dark-gray-color has-very-light-gray-background-color\"><strong>Ewelina Deluga<\/strong> \u2013 Kierownik Oddzia\u0142u dla Dzieci<br>Tel. 32-763-27-53 &nbsp;e-mail: <a rel=\"noreferrer noopener\" href=\"mailto:dzieciecy@mbp.chrzanow.pl\" target=\"_blank\">dzieciecy@mbp.chrzanow.pl<\/a> <\/p>\n","protected":false},"excerpt":{"rendered":"<p>Miejska Biblioteka Publiczna w Chrzanowie pe\u0142ni funkcje biblioteki powiatowej dla powiatu chrzanowskiego. Szeroko pojmowana dzia\u0142alno\u015b\u0107 edukacyjno-\u00adkulturalna z wykorzystaniem nowych technologii i r\u00f3\u017cnorodnych form wpisuje si\u0119 w strategi\u0119 dzia\u0142ania biblioteki, kt\u00f3ra odpowiadaj\u0105c na potrzeby \u015brodowiska i czytelnik\u00f3w stara si\u0119 przygotowywa\u0107 atrakcyjn\u0105 ofert\u0119 kulturaln\u0105 wykraczaj\u0105c\u0105 poza tradycyjne zadania biblioteki. Poza realizacj\u0105 g\u0142\u00f3wnych zada\u0144 statutowych zwi\u0105zanych z gromadzeniem, [&hellip;]<\/p>\n","protected":false},"author":1,"featured_media":0,"parent":0,"menu_order":0,"comment_status":"closed","ping_status":"closed","template":"","meta":{"footnotes":""},"class_list":["post-25","page","type-page","status-publish","hentry"],"_links":{"self":[{"href":"https:\/\/www.mbp.chrzanow.pl\/lokomotywyniepodleglosci\/index.php\/wp-json\/wp\/v2\/pages\/25","targetHints":{"allow":["GET"]}}],"collection":[{"href":"https:\/\/www.mbp.chrzanow.pl\/lokomotywyniepodleglosci\/index.php\/wp-json\/wp\/v2\/pages"}],"about":[{"href":"https:\/\/www.mbp.chrzanow.pl\/lokomotywyniepodleglosci\/index.php\/wp-json\/wp\/v2\/types\/page"}],"author":[{"embeddable":true,"href":"https:\/\/www.mbp.chrzanow.pl\/lokomotywyniepodleglosci\/index.php\/wp-json\/wp\/v2\/users\/1"}],"replies":[{"embeddable":true,"href":"https:\/\/www.mbp.chrzanow.pl\/lokomotywyniepodleglosci\/index.php\/wp-json\/wp\/v2\/comments?post=25"}],"version-history":[{"count":5,"href":"https:\/\/www.mbp.chrzanow.pl\/lokomotywyniepodleglosci\/index.php\/wp-json\/wp\/v2\/pages\/25\/revisions"}],"predecessor-version":[{"id":151,"href":"https:\/\/www.mbp.chrzanow.pl\/lokomotywyniepodleglosci\/index.php\/wp-json\/wp\/v2\/pages\/25\/revisions\/151"}],"wp:attachment":[{"href":"https:\/\/www.mbp.chrzanow.pl\/lokomotywyniepodleglosci\/index.php\/wp-json\/wp\/v2\/media?parent=25"}],"curies":[{"name":"wp","href":"https:\/\/api.w.org\/{rel}","templated":true}]}}