{"id":302,"date":"2020-11-13T11:22:41","date_gmt":"2020-11-13T10:22:41","guid":{"rendered":"https:\/\/www.mbp.chrzanow.pl\/solidarni\/?page_id=302"},"modified":"2020-11-16T08:15:28","modified_gmt":"2020-11-16T07:15:28","slug":"wystawa","status":"publish","type":"page","link":"https:\/\/www.mbp.chrzanow.pl\/solidarni\/?page_id=302","title":{"rendered":"Wystawa"},"content":{"rendered":"\t\t<div data-elementor-type=\"wp-page\" data-elementor-id=\"302\" class=\"elementor elementor-302\">\n\t\t\t\t\t\t<section class=\"elementor-section elementor-top-section elementor-element elementor-element-c72843c elementor-section-boxed elementor-section-height-default elementor-section-height-default\" data-id=\"c72843c\" data-element_type=\"section\" data-e-type=\"section\">\n\t\t\t\t\t\t<div class=\"elementor-container elementor-column-gap-default\">\n\t\t\t\t\t<div class=\"elementor-column elementor-col-100 elementor-top-column elementor-element elementor-element-bcbbcd2\" data-id=\"bcbbcd2\" data-element_type=\"column\" data-e-type=\"column\">\n\t\t\t<div class=\"elementor-widget-wrap elementor-element-populated\">\n\t\t\t\t\t\t<div class=\"elementor-element elementor-element-f9a1da6 elementor-widget elementor-widget-text-editor\" data-id=\"f9a1da6\" data-element_type=\"widget\" data-e-type=\"widget\" data-widget_type=\"text-editor.default\">\n\t\t\t\t<div class=\"elementor-widget-container\">\n\t\t\t\t\t\t\t\t\t<p>Zapraszamy do zwiedzenia naszej wystawy &#8222;Solidarni w niepodleg\u0142o\u015bci&#8221; przy bibliotece i w Skansenie <br>w Wygie\u0142zowie, a je\u015bli z jakich\u015b wzgl\u0119d\u00f3w nie jest to mo\u017cliwe, do spaceru wirtualnego.<br><\/p><p>Przy tworzeniu wystawy zosta\u0142y wykorzystane pami\u0105tki zebrane podczas akcji poszukiwania materia\u0142\u00f3w.<br>Do wystawy zosta\u0142 opracowany katalog wydany w formie papierowej oraz udost\u0119pniony na zasadzie wolnej licencji<br>z uznaniem autorstwa w Internecie. (dodaj pdf z katalogiem do pobrania)<\/p>\n<p>Wernisa\u017c wystawy odby\u0142 si\u0119 w Bibliotece 22.10.2020 podczas forum regionalnego z niewielkim udzia\u0142em publiczno\u015bci, z r\u00f3wnoczesn\u0105 z transmisj\u0105 na \u017cywo w Internecie.<\/p>\t\t\t\t\t\t\t\t<\/div>\n\t\t\t\t<\/div>\n\t\t\t\t\t<\/div>\n\t\t<\/div>\n\t\t\t\t\t<\/div>\n\t\t<\/section>\n\t\t\t\t<section class=\"elementor-section elementor-top-section elementor-element elementor-element-58bc26f elementor-section-full_width elementor-section-height-default elementor-section-height-default\" data-id=\"58bc26f\" data-element_type=\"section\" data-e-type=\"section\">\n\t\t\t\t\t\t<div class=\"elementor-container elementor-column-gap-default\">\n\t\t\t\t\t<div class=\"elementor-column elementor-col-100 elementor-top-column elementor-element elementor-element-4c45090\" data-id=\"4c45090\" data-element_type=\"column\" data-e-type=\"column\">\n\t\t\t<div class=\"elementor-widget-wrap elementor-element-populated\">\n\t\t\t\t\t\t<div class=\"elementor-element elementor-element-733cb84 gallery-spacing-custom elementor-widget elementor-widget-image-gallery\" data-id=\"733cb84\" data-element_type=\"widget\" data-e-type=\"widget\" data-widget_type=\"image-gallery.default\">\n\t\t\t\t<div class=\"elementor-widget-container\">\n\t\t\t\t\t\t\t<div class=\"elementor-image-gallery\">\n\t\t\t<div id='gallery-1' class='gallery galleryid-302 gallery-columns-5 gallery-size-thumbnail'><figure class='gallery-item'>\n\t\t\t<div class='gallery-icon landscape'>\n\t\t\t\t<a data-elementor-open-lightbox=\"yes\" data-elementor-lightbox-slideshow=\"733cb84\" data-e-action-hash=\"#elementor-action%3Aaction%3Dlightbox%26settings%3DeyJpZCI6MzA2LCJ1cmwiOiJodHRwczpcL1wvd3d3Lm1icC5jaHJ6YW5vdy5wbFwvc29saWRhcm5pXC93cC1jb250ZW50XC91cGxvYWRzXC8yMDIwXC8xMVwvd3lzdGF3YS0yLmpwZyIsInNsaWRlc2hvdyI6IjczM2NiODQifQ%3D%3D\" href='https:\/\/www.mbp.chrzanow.pl\/solidarni\/wp-content\/uploads\/2020\/11\/wystawa-2.jpg'><img decoding=\"async\" width=\"150\" height=\"150\" src=\"https:\/\/www.mbp.chrzanow.pl\/solidarni\/wp-content\/uploads\/2020\/11\/wystawa-2-150x150.jpg\" class=\"attachment-thumbnail size-thumbnail\" alt=\"\" srcset=\"https:\/\/www.mbp.chrzanow.pl\/solidarni\/wp-content\/uploads\/2020\/11\/wystawa-2-150x150.jpg 150w, https:\/\/www.mbp.chrzanow.pl\/solidarni\/wp-content\/uploads\/2020\/11\/wystawa-2-300x300.jpg 300w, https:\/\/www.mbp.chrzanow.pl\/solidarni\/wp-content\/uploads\/2020\/11\/wystawa-2-75x75.jpg 75w\" sizes=\"(max-width: 150px) 100vw, 150px\" \/><\/a>\n\t\t\t<\/div><\/figure><figure class='gallery-item'>\n\t\t\t<div class='gallery-icon landscape'>\n\t\t\t\t<a data-elementor-open-lightbox=\"yes\" data-elementor-lightbox-slideshow=\"733cb84\" data-e-action-hash=\"#elementor-action%3Aaction%3Dlightbox%26settings%3DeyJpZCI6MzA3LCJ1cmwiOiJodHRwczpcL1wvd3d3Lm1icC5jaHJ6YW5vdy5wbFwvc29saWRhcm5pXC93cC1jb250ZW50XC91cGxvYWRzXC8yMDIwXC8xMVwvd3lzdGF3YS00LmpwZyIsInNsaWRlc2hvdyI6IjczM2NiODQifQ%3D%3D\" href='https:\/\/www.mbp.chrzanow.pl\/solidarni\/wp-content\/uploads\/2020\/11\/wystawa-4.jpg'><img decoding=\"async\" width=\"150\" height=\"150\" src=\"https:\/\/www.mbp.chrzanow.pl\/solidarni\/wp-content\/uploads\/2020\/11\/wystawa-4-150x150.jpg\" class=\"attachment-thumbnail size-thumbnail\" alt=\"\" srcset=\"https:\/\/www.mbp.chrzanow.pl\/solidarni\/wp-content\/uploads\/2020\/11\/wystawa-4-150x150.jpg 150w, https:\/\/www.mbp.chrzanow.pl\/solidarni\/wp-content\/uploads\/2020\/11\/wystawa-4-300x300.jpg 300w, https:\/\/www.mbp.chrzanow.pl\/solidarni\/wp-content\/uploads\/2020\/11\/wystawa-4-75x75.jpg 75w\" sizes=\"(max-width: 150px) 100vw, 150px\" \/><\/a>\n\t\t\t<\/div><\/figure><figure class='gallery-item'>\n\t\t\t<div class='gallery-icon landscape'>\n\t\t\t\t<a data-elementor-open-lightbox=\"yes\" data-elementor-lightbox-slideshow=\"733cb84\" data-e-action-hash=\"#elementor-action%3Aaction%3Dlightbox%26settings%3DeyJpZCI6MzA4LCJ1cmwiOiJodHRwczpcL1wvd3d3Lm1icC5jaHJ6YW5vdy5wbFwvc29saWRhcm5pXC93cC1jb250ZW50XC91cGxvYWRzXC8yMDIwXC8xMVwvd3lzdGF3YS02LmpwZyIsInNsaWRlc2hvdyI6IjczM2NiODQifQ%3D%3D\" href='https:\/\/www.mbp.chrzanow.pl\/solidarni\/wp-content\/uploads\/2020\/11\/wystawa-6.jpg'><img decoding=\"async\" width=\"150\" height=\"150\" src=\"https:\/\/www.mbp.chrzanow.pl\/solidarni\/wp-content\/uploads\/2020\/11\/wystawa-6-150x150.jpg\" class=\"attachment-thumbnail size-thumbnail\" alt=\"\" srcset=\"https:\/\/www.mbp.chrzanow.pl\/solidarni\/wp-content\/uploads\/2020\/11\/wystawa-6-150x150.jpg 150w, https:\/\/www.mbp.chrzanow.pl\/solidarni\/wp-content\/uploads\/2020\/11\/wystawa-6-300x300.jpg 300w, https:\/\/www.mbp.chrzanow.pl\/solidarni\/wp-content\/uploads\/2020\/11\/wystawa-6-75x75.jpg 75w\" sizes=\"(max-width: 150px) 100vw, 150px\" \/><\/a>\n\t\t\t<\/div><\/figure><figure class='gallery-item'>\n\t\t\t<div class='gallery-icon landscape'>\n\t\t\t\t<a data-elementor-open-lightbox=\"yes\" data-elementor-lightbox-slideshow=\"733cb84\" data-e-action-hash=\"#elementor-action%3Aaction%3Dlightbox%26settings%3DeyJpZCI6MzA5LCJ1cmwiOiJodHRwczpcL1wvd3d3Lm1icC5jaHJ6YW5vdy5wbFwvc29saWRhcm5pXC93cC1jb250ZW50XC91cGxvYWRzXC8yMDIwXC8xMVwvd3lzdGF3YS04LmpwZyIsInNsaWRlc2hvdyI6IjczM2NiODQifQ%3D%3D\" href='https:\/\/www.mbp.chrzanow.pl\/solidarni\/wp-content\/uploads\/2020\/11\/wystawa-8.jpg'><img loading=\"lazy\" decoding=\"async\" width=\"150\" height=\"150\" src=\"https:\/\/www.mbp.chrzanow.pl\/solidarni\/wp-content\/uploads\/2020\/11\/wystawa-8-150x150.jpg\" class=\"attachment-thumbnail size-thumbnail\" alt=\"\" srcset=\"https:\/\/www.mbp.chrzanow.pl\/solidarni\/wp-content\/uploads\/2020\/11\/wystawa-8-150x150.jpg 150w, https:\/\/www.mbp.chrzanow.pl\/solidarni\/wp-content\/uploads\/2020\/11\/wystawa-8-300x300.jpg 300w, https:\/\/www.mbp.chrzanow.pl\/solidarni\/wp-content\/uploads\/2020\/11\/wystawa-8-75x75.jpg 75w\" sizes=\"(max-width: 150px) 100vw, 150px\" \/><\/a>\n\t\t\t<\/div><\/figure><figure class='gallery-item'>\n\t\t\t<div class='gallery-icon landscape'>\n\t\t\t\t<a data-elementor-open-lightbox=\"yes\" data-elementor-lightbox-slideshow=\"733cb84\" data-e-action-hash=\"#elementor-action%3Aaction%3Dlightbox%26settings%3DeyJpZCI6MzEwLCJ1cmwiOiJodHRwczpcL1wvd3d3Lm1icC5jaHJ6YW5vdy5wbFwvc29saWRhcm5pXC93cC1jb250ZW50XC91cGxvYWRzXC8yMDIwXC8xMVwvd3lzdGF3YS0xMS5qcGciLCJzbGlkZXNob3ciOiI3MzNjYjg0In0%3D\" href='https:\/\/www.mbp.chrzanow.pl\/solidarni\/wp-content\/uploads\/2020\/11\/wystawa-11.jpg'><img loading=\"lazy\" decoding=\"async\" width=\"150\" height=\"150\" src=\"https:\/\/www.mbp.chrzanow.pl\/solidarni\/wp-content\/uploads\/2020\/11\/wystawa-11-150x150.jpg\" class=\"attachment-thumbnail size-thumbnail\" alt=\"\" srcset=\"https:\/\/www.mbp.chrzanow.pl\/solidarni\/wp-content\/uploads\/2020\/11\/wystawa-11-150x150.jpg 150w, https:\/\/www.mbp.chrzanow.pl\/solidarni\/wp-content\/uploads\/2020\/11\/wystawa-11-300x300.jpg 300w, https:\/\/www.mbp.chrzanow.pl\/solidarni\/wp-content\/uploads\/2020\/11\/wystawa-11-75x75.jpg 75w\" sizes=\"(max-width: 150px) 100vw, 150px\" \/><\/a>\n\t\t\t<\/div><\/figure><figure class='gallery-item'>\n\t\t\t<div class='gallery-icon landscape'>\n\t\t\t\t<a data-elementor-open-lightbox=\"yes\" data-elementor-lightbox-slideshow=\"733cb84\" data-e-action-hash=\"#elementor-action%3Aaction%3Dlightbox%26settings%3DeyJpZCI6MzExLCJ1cmwiOiJodHRwczpcL1wvd3d3Lm1icC5jaHJ6YW5vdy5wbFwvc29saWRhcm5pXC93cC1jb250ZW50XC91cGxvYWRzXC8yMDIwXC8xMVwvd3lzdGF3YS0xMi5qcGciLCJzbGlkZXNob3ciOiI3MzNjYjg0In0%3D\" href='https:\/\/www.mbp.chrzanow.pl\/solidarni\/wp-content\/uploads\/2020\/11\/wystawa-12.jpg'><img loading=\"lazy\" decoding=\"async\" width=\"150\" height=\"150\" src=\"https:\/\/www.mbp.chrzanow.pl\/solidarni\/wp-content\/uploads\/2020\/11\/wystawa-12-150x150.jpg\" class=\"attachment-thumbnail size-thumbnail\" alt=\"\" srcset=\"https:\/\/www.mbp.chrzanow.pl\/solidarni\/wp-content\/uploads\/2020\/11\/wystawa-12-150x150.jpg 150w, https:\/\/www.mbp.chrzanow.pl\/solidarni\/wp-content\/uploads\/2020\/11\/wystawa-12-300x300.jpg 300w, https:\/\/www.mbp.chrzanow.pl\/solidarni\/wp-content\/uploads\/2020\/11\/wystawa-12-75x75.jpg 75w\" sizes=\"(max-width: 150px) 100vw, 150px\" \/><\/a>\n\t\t\t<\/div><\/figure><figure class='gallery-item'>\n\t\t\t<div class='gallery-icon landscape'>\n\t\t\t\t<a data-elementor-open-lightbox=\"yes\" data-elementor-lightbox-slideshow=\"733cb84\" data-e-action-hash=\"#elementor-action%3Aaction%3Dlightbox%26settings%3DeyJpZCI6MzEyLCJ1cmwiOiJodHRwczpcL1wvd3d3Lm1icC5jaHJ6YW5vdy5wbFwvc29saWRhcm5pXC93cC1jb250ZW50XC91cGxvYWRzXC8yMDIwXC8xMVwvd3lzdGF3YS0xNC5qcGciLCJzbGlkZXNob3ciOiI3MzNjYjg0In0%3D\" href='https:\/\/www.mbp.chrzanow.pl\/solidarni\/wp-content\/uploads\/2020\/11\/wystawa-14.jpg'><img loading=\"lazy\" decoding=\"async\" width=\"150\" height=\"150\" src=\"https:\/\/www.mbp.chrzanow.pl\/solidarni\/wp-content\/uploads\/2020\/11\/wystawa-14-150x150.jpg\" class=\"attachment-thumbnail size-thumbnail\" alt=\"\" srcset=\"https:\/\/www.mbp.chrzanow.pl\/solidarni\/wp-content\/uploads\/2020\/11\/wystawa-14-150x150.jpg 150w, https:\/\/www.mbp.chrzanow.pl\/solidarni\/wp-content\/uploads\/2020\/11\/wystawa-14-300x300.jpg 300w, https:\/\/www.mbp.chrzanow.pl\/solidarni\/wp-content\/uploads\/2020\/11\/wystawa-14-75x75.jpg 75w\" sizes=\"(max-width: 150px) 100vw, 150px\" \/><\/a>\n\t\t\t<\/div><\/figure><figure class='gallery-item'>\n\t\t\t<div class='gallery-icon landscape'>\n\t\t\t\t<a data-elementor-open-lightbox=\"yes\" data-elementor-lightbox-slideshow=\"733cb84\" data-e-action-hash=\"#elementor-action%3Aaction%3Dlightbox%26settings%3DeyJpZCI6MzEzLCJ1cmwiOiJodHRwczpcL1wvd3d3Lm1icC5jaHJ6YW5vdy5wbFwvc29saWRhcm5pXC93cC1jb250ZW50XC91cGxvYWRzXC8yMDIwXC8xMVwvd3lzdGF3YS0yMC5qcGciLCJzbGlkZXNob3ciOiI3MzNjYjg0In0%3D\" href='https:\/\/www.mbp.chrzanow.pl\/solidarni\/wp-content\/uploads\/2020\/11\/wystawa-20.jpg'><img loading=\"lazy\" decoding=\"async\" width=\"150\" height=\"150\" src=\"https:\/\/www.mbp.chrzanow.pl\/solidarni\/wp-content\/uploads\/2020\/11\/wystawa-20-150x150.jpg\" class=\"attachment-thumbnail size-thumbnail\" alt=\"\" srcset=\"https:\/\/www.mbp.chrzanow.pl\/solidarni\/wp-content\/uploads\/2020\/11\/wystawa-20-150x150.jpg 150w, https:\/\/www.mbp.chrzanow.pl\/solidarni\/wp-content\/uploads\/2020\/11\/wystawa-20-300x300.jpg 300w, https:\/\/www.mbp.chrzanow.pl\/solidarni\/wp-content\/uploads\/2020\/11\/wystawa-20-75x75.jpg 75w\" sizes=\"(max-width: 150px) 100vw, 150px\" \/><\/a>\n\t\t\t<\/div><\/figure><figure class='gallery-item'>\n\t\t\t<div class='gallery-icon landscape'>\n\t\t\t\t<a data-elementor-open-lightbox=\"yes\" data-elementor-lightbox-slideshow=\"733cb84\" data-e-action-hash=\"#elementor-action%3Aaction%3Dlightbox%26settings%3DeyJpZCI6MzE0LCJ1cmwiOiJodHRwczpcL1wvd3d3Lm1icC5jaHJ6YW5vdy5wbFwvc29saWRhcm5pXC93cC1jb250ZW50XC91cGxvYWRzXC8yMDIwXC8xMVwvd3lzdGF3YS0yNy1zY2FsZWQuanBnIiwic2xpZGVzaG93IjoiNzMzY2I4NCJ9\" href='https:\/\/www.mbp.chrzanow.pl\/solidarni\/wp-content\/uploads\/2020\/11\/wystawa-27-scaled.jpg'><img loading=\"lazy\" decoding=\"async\" width=\"150\" height=\"150\" src=\"https:\/\/www.mbp.chrzanow.pl\/solidarni\/wp-content\/uploads\/2020\/11\/wystawa-27-150x150.jpg\" class=\"attachment-thumbnail size-thumbnail\" alt=\"\" srcset=\"https:\/\/www.mbp.chrzanow.pl\/solidarni\/wp-content\/uploads\/2020\/11\/wystawa-27-150x150.jpg 150w, https:\/\/www.mbp.chrzanow.pl\/solidarni\/wp-content\/uploads\/2020\/11\/wystawa-27-300x300.jpg 300w, https:\/\/www.mbp.chrzanow.pl\/solidarni\/wp-content\/uploads\/2020\/11\/wystawa-27-75x75.jpg 75w\" sizes=\"(max-width: 150px) 100vw, 150px\" \/><\/a>\n\t\t\t<\/div><\/figure>\n\t\t<\/div>\n\t\t<\/div>\n\t\t\t\t\t\t<\/div>\n\t\t\t\t<\/div>\n\t\t\t\t\t<\/div>\n\t\t<\/div>\n\t\t\t\t\t<\/div>\n\t\t<\/section>\n\t\t\t\t<section class=\"elementor-section elementor-top-section elementor-element elementor-element-b64959a elementor-section-boxed elementor-section-height-default elementor-section-height-default\" data-id=\"b64959a\" data-element_type=\"section\" data-e-type=\"section\">\n\t\t\t\t\t\t<div class=\"elementor-container elementor-column-gap-default\">\n\t\t\t\t\t<div class=\"elementor-column elementor-col-100 elementor-top-column elementor-element elementor-element-57fd457\" data-id=\"57fd457\" data-element_type=\"column\" data-e-type=\"column\">\n\t\t\t<div class=\"elementor-widget-wrap elementor-element-populated\">\n\t\t\t\t\t\t<div class=\"elementor-element elementor-element-fb911cb elementor-widget elementor-widget-video\" data-id=\"fb911cb\" data-element_type=\"widget\" data-e-type=\"widget\" data-settings=\"{&quot;youtube_url&quot;:&quot;https:\\\/\\\/www.youtube.com\\\/watch?v=eVLKiRBOdk8&amp;feature=emb_logo&quot;,&quot;video_type&quot;:&quot;youtube&quot;,&quot;controls&quot;:&quot;yes&quot;}\" data-widget_type=\"video.default\">\n\t\t\t\t<div class=\"elementor-widget-container\">\n\t\t\t\t\t\t\t<div class=\"elementor-wrapper elementor-open-inline\">\n\t\t\t<div class=\"elementor-video\"><\/div>\t\t<\/div>\n\t\t\t\t\t\t<\/div>\n\t\t\t\t<\/div>\n\t\t\t\t\t<\/div>\n\t\t<\/div>\n\t\t\t\t\t<\/div>\n\t\t<\/section>\n\t\t\t\t<\/div>\n\t\t","protected":false},"excerpt":{"rendered":"<p>Zapraszamy do zwiedzenia naszej wystawy &#8222;Solidarni w niepodleg\u0142o\u015bci&#8221; przy bibliotece i w Skansenie w Wygie\u0142zowie, a je\u015bli z jakich\u015b wzgl\u0119d\u00f3w nie jest to mo\u017cliwe, do spaceru wirtualnego. Przy tworzeniu wystawy zosta\u0142y wykorzystane pami\u0105tki zebrane podczas akcji poszukiwania materia\u0142\u00f3w.Do wystawy zosta\u0142 opracowany katalog wydany w formie papierowej oraz udost\u0119pniony na zasadzie wolnej licencjiz uznaniem autorstwa w Internecie. (dodaj pdf z katalogiem do pobrania) Wernisa\u017c wystawy odby\u0142 si\u0119 w Bibliotece 22.10.2020 podczas forum regionalnego z niewielkim udzia\u0142em publiczno\u015bci, z r\u00f3wnoczesn\u0105 z transmisj\u0105 na \u017cywo w Internecie.<\/p>\n","protected":false},"author":1,"featured_media":0,"parent":0,"menu_order":0,"comment_status":"closed","ping_status":"closed","template":"","meta":{"footnotes":""},"class_list":["post-302","page","type-page","status-publish","hentry"],"_links":{"self":[{"href":"https:\/\/www.mbp.chrzanow.pl\/solidarni\/index.php?rest_route=\/wp\/v2\/pages\/302","targetHints":{"allow":["GET"]}}],"collection":[{"href":"https:\/\/www.mbp.chrzanow.pl\/solidarni\/index.php?rest_route=\/wp\/v2\/pages"}],"about":[{"href":"https:\/\/www.mbp.chrzanow.pl\/solidarni\/index.php?rest_route=\/wp\/v2\/types\/page"}],"author":[{"embeddable":true,"href":"https:\/\/www.mbp.chrzanow.pl\/solidarni\/index.php?rest_route=\/wp\/v2\/users\/1"}],"replies":[{"embeddable":true,"href":"https:\/\/www.mbp.chrzanow.pl\/solidarni\/index.php?rest_route=%2Fwp%2Fv2%2Fcomments&post=302"}],"version-history":[{"count":9,"href":"https:\/\/www.mbp.chrzanow.pl\/solidarni\/index.php?rest_route=\/wp\/v2\/pages\/302\/revisions"}],"predecessor-version":[{"id":321,"href":"https:\/\/www.mbp.chrzanow.pl\/solidarni\/index.php?rest_route=\/wp\/v2\/pages\/302\/revisions\/321"}],"wp:attachment":[{"href":"https:\/\/www.mbp.chrzanow.pl\/solidarni\/index.php?rest_route=%2Fwp%2Fv2%2Fmedia&parent=302"}],"curies":[{"name":"wp","href":"https:\/\/api.w.org\/{rel}","templated":true}]}}